{"id":4205,"date":"2023-06-01T10:39:33","date_gmt":"2023-06-01T08:39:33","guid":{"rendered":"https:\/\/www.alandalusylahistoria.com\/?page_id=4205"},"modified":"2023-10-11T18:15:47","modified_gmt":"2023-10-11T16:15:47","slug":"adela-fabregas-garcia","status":"publish","type":"page","link":"https:\/\/www.alandalusylahistoria.com\/?page_id=4205","title":{"rendered":"Adela F\u00e1bregas Garc\u00eda"},"content":{"rendered":"\n<p class=\"wp-block-paragraph\">Doctora en Historia y licenciada en estudios Sem\u00edticos por la Universidad de Granada, en la actualidad es catedr\u00e1tica de Historia Medieval en dicha Universidad. Su investigaci\u00f3n se ha centrado principalmente en el an\u00e1lisis de aspectos econ\u00f3micos del emirato nazar\u00ed, con especial atenci\u00f3n a la participaci\u00f3n nazar\u00ed en sistemas de comercio internacional y el impacto de esta faceta comercial en la conformaci\u00f3n socio-econ\u00f3mica del reino. Destacan trabajos como la edici\u00f3n del volumen <em><a href=\"https:\/\/www.google.es\/books\/edition\/The_Nasrid_Kingdom_of_Granada_between_Ea\/zgsOEAAAQBAJ?hl=es&amp;gbpv=0&amp;kptab=overview\" target=\"_blank\" rel=\"noreferrer noopener\">The Nasrid Kingdom, between East and West (ss. XIII-XV)<\/a><\/em>, Leiden, Brill, 2020, edici\u00f3n y estudio de libros de contabilidad de genoveses activos en Granada, <em><a href=\"http:\/\/www.tharg.org\/publicaciones\/53\/la-familia-spinola-en-el-reino-nazari-de-granada.-contabilidad-privada-de-francesco-spinola-(1451-14\" target=\"_blank\" rel=\"noreferrer noopener\">La familia Spinola en el reino nazar\u00ed de Granada. Contabilidad privada de Francesco Spinola (1451-1457)<\/a><\/em>, Granada, Alhulia, 2004; <em><a href=\"http:\/\/www.tharg.org\/publicaciones\/39\/un-mercader-genoves-en-el-reino-de-granada-:-el-libro-de-cuentas-de-agostino-spinola-(1441-1447)\" target=\"_blank\" rel=\"noreferrer noopener\">Un mercader genov\u00e9s en el reino de Granada. El libro de cuentas de Agust\u00edn Spinola (1441-1447)<\/a><\/em>, Granada, Alhulia, 2002, <em><a href=\"https:\/\/editorial.ugr.es\/libro\/produccion-y-comercio-de-azucar-en-el-mediterraneo-medieval_137684\/\" target=\"_blank\" rel=\"noreferrer noopener\">Producci\u00f3n y comercio del az\u00facar en el Mediterr\u00e1neo medieval. El ejemplo del reino de Granada<\/a><\/em>, EUG 2001, adem\u00e1s de art\u00edculos y cap\u00edtulos de libros en publicaciones nacionales e internacionales.<\/p>\n\n\n\n<h4 class=\"wp-block-heading\">Enlaces:<\/h4>\n\n\n\n<ul class=\"wp-block-list\">\n<li><a href=\"https:\/\/granada.academia.edu\/AdelaF%C3%A1bregasGarc%C3%ADa\" target=\"_blank\" rel=\"noreferrer noopener\">Academia.edu<\/a><\/li>\n<\/ul>\n\n\n\n<hr class=\"wp-block-separator has-text-color has-yellow-color has-alpha-channel-opacity has-yellow-background-color has-background\"\/>\n\n\n\n<h4 class=\"wp-block-heading\">Art\u00edculos:<\/h4>\n\n\n\n<ul class=\"wp-block-list\">\n<li><a href=\"https:\/\/www.alandalusylahistoria.com\/?p=3397\">Un largo camino hacia el \u00e9xito. La historia del az\u00facar en al-Andalus<\/a><\/li>\n<\/ul>\n","protected":false},"excerpt":{"rendered":"<p>Doctora en Historia y licenciada en estudios Sem\u00edticos por la Universidad de Granada, en la actualidad es catedr\u00e1tica de Historia Medieval en dicha Universidad. Su investigaci\u00f3n se ha centrado principalmente en el an\u00e1lisis de aspectos econ\u00f3micos del emirato nazar\u00ed, con especial atenci\u00f3n a la participaci\u00f3n nazar\u00ed en sistemas de comercio internacional y el impacto de&#8230; <\/p>\n<div class=\"link-more\"><a href=\"https:\/\/www.alandalusylahistoria.com\/?page_id=4205\">Leer M\u00e1s<\/a><\/div>\n","protected":false},"author":1,"featured_media":4207,"parent":155,"menu_order":0,"comment_status":"closed","ping_status":"closed","template":"","meta":{"_crdt_document":"","jetpack_post_was_ever_published":false,"footnotes":""},"coauthors":[261],"class_list":["post-4205","page","type-page","status-publish","has-post-thumbnail","hentry"],"_links":{"self":[{"href":"https:\/\/www.alandalusylahistoria.com\/index.php?rest_route=\/wp\/v2\/pages\/4205","targetHints":{"allow":["GET"]}}],"collection":[{"href":"https:\/\/www.alandalusylahistoria.com\/index.php?rest_route=\/wp\/v2\/pages"}],"about":[{"href":"https:\/\/www.alandalusylahistoria.com\/index.php?rest_route=\/wp\/v2\/types\/page"}],"author":[{"embeddable":true,"href":"https:\/\/www.alandalusylahistoria.com\/index.php?rest_route=\/wp\/v2\/users\/1"}],"replies":[{"embeddable":true,"href":"https:\/\/www.alandalusylahistoria.com\/index.php?rest_route=%2Fwp%2Fv2%2Fcomments&post=4205"}],"version-history":[{"count":3,"href":"https:\/\/www.alandalusylahistoria.com\/index.php?rest_route=\/wp\/v2\/pages\/4205\/revisions"}],"predecessor-version":[{"id":4388,"href":"https:\/\/www.alandalusylahistoria.com\/index.php?rest_route=\/wp\/v2\/pages\/4205\/revisions\/4388"}],"up":[{"embeddable":true,"href":"https:\/\/www.alandalusylahistoria.com\/index.php?rest_route=\/wp\/v2\/pages\/155"}],"wp:featuredmedia":[{"embeddable":true,"href":"https:\/\/www.alandalusylahistoria.com\/index.php?rest_route=\/wp\/v2\/media\/4207"}],"wp:attachment":[{"href":"https:\/\/www.alandalusylahistoria.com\/index.php?rest_route=%2Fwp%2Fv2%2Fmedia&parent=4205"}],"wp:term":[{"taxonomy":"author","embeddable":true,"href":"https:\/\/www.alandalusylahistoria.com\/index.php?rest_route=%2Fwp%2Fv2%2Fcoauthors&post=4205"}],"curies":[{"name":"wp","href":"https:\/\/api.w.org\/{rel}","templated":true}]}}