{"id":4202,"date":"2023-06-01T10:39:12","date_gmt":"2023-06-01T08:39:12","guid":{"rendered":"https:\/\/www.alandalusylahistoria.com\/?page_id=4202"},"modified":"2024-12-11T17:50:57","modified_gmt":"2024-12-11T16:50:57","slug":"adday-hernandez-lopez","status":"publish","type":"page","link":"https:\/\/www.alandalusylahistoria.com\/?page_id=4202","title":{"rendered":"Adday Hern\u00e1ndez L\u00f3pez"},"content":{"rendered":"\n<p class=\"wp-block-paragraph\">Profesora Ayudante doctora en el \u00e1rea de Estudios \u00c1rabes e Isl\u00e1micos del departamento de Ling\u00fc\u00edstica, Estudios \u00c1rabes, Hebreos, Vascos y de Asia Oriental de la Universidad Complutense de Madrid (UCM). Miembro del grupo de investigaci\u00f3n UCM <a href=\"https:\/\/www.ucm.es\/grupos\/grupo\/373\" target=\"_blank\" rel=\"noreferrer noopener\">\u201cCristianos y musulmanes en el medievo hisp\u00e1nico (MUHISCRIS)\u201d<\/a>.<\/p>\n\n\n\n<p class=\"wp-block-paragraph\">Es licenciada en Filolog\u00eda \u00c1rabe por la Universidad Complutense de Madrid (2008) y doctora en Estudios \u00c1rabes y Andalus\u00edes, con una tesis que realiz\u00f3 en el Instituto de Lenguas y Culturas del Mediterr\u00e1neo y Oriente Pr\u00f3ximo del CSIC (ILC-CSIC) y que defendi\u00f3 en 2014 en la UCM. <\/p>\n\n\n\n<p class=\"wp-block-paragraph\">Ha sido investigadora predoctoral con una beca-contrato de Formaci\u00f3n del Profesorado Universitario (FPU) e investigadora postdoctoral en la Universidad de Copenhague (2015-2019), donde trabaj\u00f3 en un proyecto financiado por una Advanced Grant del European Research Council (<a href=\"http:\/\/www.islhornafr.eu\/\" target=\"_blank\" rel=\"noreferrer noopener\">Islam in the Horn of Africa: a Comparative Literary Approach, IslHornAfr<\/a>). <\/p>\n\n\n\n<p class=\"wp-block-paragraph\">De 2019 a 2021 fue investigadora Juan de la Cierva-incorporaci\u00f3n en el ILC-CSIC.<\/p>\n\n\n\n<p class=\"wp-block-paragraph\">Sus l\u00edneas principales de investigaci\u00f3n son: (I) Derecho isl\u00e1mico, (II) Transmisi\u00f3n del conocimiento en el Occidente isl\u00e1mico premoderno (principalmente al-Andalus) e (III) Islam en \u00c1frica Oriental.<\/p>\n\n\n\n<p class=\"wp-block-paragraph\">Es autora de las monograf\u00edas <em><a href=\"https:\/\/tiedekirja.fi\/en\/valor-del-tiempo\" target=\"_blank\" rel=\"noreferrer noopener\">El valor del tiempo: Doctrina jur\u00eddica y pr\u00e1ctica de la usura (riba) en el Occidente isl\u00e1mico medieval<\/a><\/em>, serie Humaniora n\u00ba 376, Helsinki: Academia Scientiarum Fennica, 2016, y de <em><a href=\"http:\/\/libros.csic.es\/product_info.php?products_id=1122\" target=\"_blank\" rel=\"noreferrer noopener\">El Kitab al-riba (libro de la usura) de \u2018Abd al-Malik b. Habib (m. 238\/852). La doctrina legal temprana sobre la usura<\/a><\/em>, estudio y traducci\u00f3n, Serie Fuentes Ar\u00e1bico-Hispanas 37, Madrid: Editorial CSIC, 2017; as\u00ed como editora principal y coautora de Alessandro Gori, Adday Hern\u00e1ndez &amp; Irmeli Perho (eds), <em><a href=\"https:\/\/brill.com\/display\/title\/62238\" target=\"_blank\" rel=\"noreferrer noopener\">The Writings of the Peoples of Northeastern Africa II<\/a><\/em>. Series Arabic Literature of Africa. Leiden: Brill, 2022.<\/p>\n\n\n\n<p class=\"wp-block-paragraph\">Entre sus publicaciones relacionadas con al-Andalus destacan <a rel=\"noreferrer noopener\" href=\"https:\/\/www.tandfonline.com\/doi\/abs\/10.1080\/09503110.2021.2024784\" target=\"_blank\">\u201cThe Absence of the Jewish Usurer Trope in Andalus\u012b Written Sources\u201d<\/a>. Al-Mas\u0101q, 34\/3 (2022), 196-216; <a rel=\"noreferrer noopener\" href=\"http:\/\/intushistoria.uai.cl\/index.php\/intushistoria\/article\/view\/455\" target=\"_blank\">\u00abLos cambistas en la C\u00f3rdoba califal: La doctrina de \u2018Abd al-Malik B. Hab\u012bb sobre la usura y su aplicaci\u00f3n en el zoco por Ibn \u2018Abd al-Ra\u2019\u016bf.\u00bb<\/a> <em>Intus-legere: historia<\/em> 15\/2 (2021): 120-138; <a rel=\"noreferrer noopener\" href=\"https:\/\/brill.com\/display\/book\/edcoll\/9789004467637\/BP000017.xml\" target=\"_blank\">\u201cMobility among the Andalus\u012b qu\u1e0d\u0101t: Social advancement and spatial displacement in a professional context\u201d<\/a>, en Mohamad El Merheb and Mehdi Berriah (eds),<em> Professional Mobility in Pre-Modern Islamic Societies: From Delhi to Granada, Handbook of Oriental Studies<\/em>, Leiden: Brill, 2021; <a rel=\"noreferrer noopener\" href=\"https:\/\/www.euppublishing.com\/doi\/abs\/10.3366\/jqs.2017.0303\" target=\"_blank\">\u201cQur&#8217;anic studies in al-Andalus: An overview on the state of research on qira&#8217;at and tafsir\u201d<\/a>, <em>Journal of Qur&#8217;anic Studies<\/em>. 19\/ 3 (2017), pp. 74-102; y <a href=\"https:\/\/www.brepolsonline.net\/doi\/10.1484\/M.RELMIN-EB.1.101820\" target=\"_blank\" rel=\"noreferrer noopener\">\u201cLa compraventa de vino entre musulmanes y cristianos dimm\u00edes a trav\u00e9s de textos jur\u00eddicos malik\u00edes del Occidente isl\u00e1mico medieval\u201d<\/a>, en <em>The Legal Status of Dhimmis in the Islamic West<\/em> (Second\/Eigth-Ninth\/ Fifteenth centuries). 1, pp. 243-274. Turnhout (Belgium): Brepols, 2013.<\/p>\n\n\n\n<h4 class=\"wp-block-heading\">Enlaces:<\/h4>\n\n\n\n<ul class=\"wp-block-list\">\n<li><a href=\"https:\/\/produccioncientifica.ucm.es\/investigadores\/157825\/detalle\" target=\"_blank\" rel=\"noreferrer noopener\">Universidad Complutense de Madrid<\/a><\/li>\n\n\n\n<li><a href=\"https:\/\/ucm.academia.edu\/AddayHern%C3%A1ndezL%C3%B3pez\" target=\"_blank\" rel=\"noreferrer noopener\">Academia.edu<\/a><\/li>\n<\/ul>\n\n\n\n<hr class=\"wp-block-separator has-text-color has-yellow-color has-alpha-channel-opacity has-yellow-background-color has-background\"\/>\n\n\n\n<h4 class=\"wp-block-heading\">Art\u00edculos:<\/h4>\n\n\n\n<ul class=\"wp-block-list\">\n<li><a href=\"https:\/\/www.alandalusylahistoria.com\/?p=4089\">\u00abEl agua en los mercados andalus\u00edes<\/a>\u00ab<\/li>\n\n\n\n<li>\u00ab<a href=\"https:\/\/www.alandalusylahistoria.com\/?p=2331\">La usura en al-Andalus\u00bb<\/a><\/li>\n\n\n\n<li><a href=\"https:\/\/www.alandalusylahistoria.com\/?p=4974\">\u00ab\u00bfViva el vino? Comercio y consumo de vino en al-Andalus (primera parte)\u00bb<\/a><\/li>\n\n\n\n<li><a href=\"https:\/\/www.alandalusylahistoria.com\/?p=5018\">\u00ab\u00bfViva el vino? Comercio y consumo de vino en al-Andalus (segunda parte)\u00bb<\/a><\/li>\n<\/ul>\n","protected":false},"excerpt":{"rendered":"<p>Profesora Ayudante doctora en el \u00e1rea de Estudios \u00c1rabes e Isl\u00e1micos del departamento de Ling\u00fc\u00edstica, Estudios \u00c1rabes, Hebreos, Vascos y de Asia Oriental de la Universidad Complutense de Madrid (UCM). Miembro del grupo de investigaci\u00f3n UCM \u201cCristianos y musulmanes en el medievo hisp\u00e1nico (MUHISCRIS)\u201d. Es licenciada en Filolog\u00eda \u00c1rabe por la Universidad Complutense de Madrid&#8230; <\/p>\n<div class=\"link-more\"><a href=\"https:\/\/www.alandalusylahistoria.com\/?page_id=4202\">Leer M\u00e1s<\/a><\/div>\n","protected":false},"author":1,"featured_media":4203,"parent":155,"menu_order":0,"comment_status":"closed","ping_status":"closed","template":"","meta":{"_crdt_document":"","jetpack_post_was_ever_published":false,"footnotes":""},"coauthors":[261],"class_list":["post-4202","page","type-page","status-publish","has-post-thumbnail","hentry"],"_links":{"self":[{"href":"https:\/\/www.alandalusylahistoria.com\/index.php?rest_route=\/wp\/v2\/pages\/4202","targetHints":{"allow":["GET"]}}],"collection":[{"href":"https:\/\/www.alandalusylahistoria.com\/index.php?rest_route=\/wp\/v2\/pages"}],"about":[{"href":"https:\/\/www.alandalusylahistoria.com\/index.php?rest_route=\/wp\/v2\/types\/page"}],"author":[{"embeddable":true,"href":"https:\/\/www.alandalusylahistoria.com\/index.php?rest_route=\/wp\/v2\/users\/1"}],"replies":[{"embeddable":true,"href":"https:\/\/www.alandalusylahistoria.com\/index.php?rest_route=%2Fwp%2Fv2%2Fcomments&post=4202"}],"version-history":[{"count":5,"href":"https:\/\/www.alandalusylahistoria.com\/index.php?rest_route=\/wp\/v2\/pages\/4202\/revisions"}],"predecessor-version":[{"id":5109,"href":"https:\/\/www.alandalusylahistoria.com\/index.php?rest_route=\/wp\/v2\/pages\/4202\/revisions\/5109"}],"up":[{"embeddable":true,"href":"https:\/\/www.alandalusylahistoria.com\/index.php?rest_route=\/wp\/v2\/pages\/155"}],"wp:featuredmedia":[{"embeddable":true,"href":"https:\/\/www.alandalusylahistoria.com\/index.php?rest_route=\/wp\/v2\/media\/4203"}],"wp:attachment":[{"href":"https:\/\/www.alandalusylahistoria.com\/index.php?rest_route=%2Fwp%2Fv2%2Fmedia&parent=4202"}],"wp:term":[{"taxonomy":"author","embeddable":true,"href":"https:\/\/www.alandalusylahistoria.com\/index.php?rest_route=%2Fwp%2Fv2%2Fcoauthors&post=4202"}],"curies":[{"name":"wp","href":"https:\/\/api.w.org\/{rel}","templated":true}]}}

Adday Hernández López

<p class="wp-block-paragraph">Profesora Ayudante doctora en el área de Estudios Árabes e Islámicos del departamento de Lingüística, Estudios Árabes, Hebreos, Vascos y de Asia Oriental de la Universidad Complutense de Madrid (UCM). Miembro del grupo de investigación UCM <a href="https://www.ucm.es/grupos/grupo/373" target="_blank" rel="noreferrer noopener">“Cristianos y musulmanes en el medievo hispánico (MUHISCRIS)”</a>.</p>



<p class="wp-block-paragraph">Es licenciada en Filología Árabe por la Universidad Complutense de Madrid (2008) y doctora en Estudios Árabes y Andalusíes, con una tesis que realizó en el Instituto de Lenguas y Culturas del Mediterráneo y Oriente Próximo del CSIC (ILC-CSIC) y que defendió en 2014 en la UCM. </p>



<p class="wp-block-paragraph">Ha sido investigadora predoctoral con una beca-contrato de Formación del Profesorado Universitario (FPU) e investigadora postdoctoral en la Universidad de Copenhague (2015-2019), donde trabajó en un proyecto financiado por una Advanced Grant del European Research Council (<a href="http://www.islhornafr.eu/" target="_blank" rel="noreferrer noopener">Islam in the Horn of Africa: a Comparative Literary Approach, IslHornAfr</a>). </p>



<p class="wp-block-paragraph">De 2019 a 2021 fue investigadora Juan de la Cierva-incorporación en el ILC-CSIC.</p>



<p class="wp-block-paragraph">Sus líneas principales de investigación son: (I) Derecho islámico, (II) Transmisión del conocimiento en el Occidente islámico premoderno (principalmente al-Andalus) e (III) Islam en África Oriental.</p>



<p class="wp-block-paragraph">Es autora de las monografías <em><a href="https://tiedekirja.fi/en/valor-del-tiempo" target="_blank" rel="noreferrer noopener">El valor del tiempo: Doctrina jurídica y práctica de la usura (riba) en el Occidente islámico medieval</a></em>, serie Humaniora nº 376, Helsinki: Academia Scientiarum Fennica, 2016, y de <em><a href="http://libros.csic.es/product_info.php?products_id=1122" target="_blank" rel="noreferrer noopener">El Kitab al-riba (libro de la usura) de ‘Abd al-Malik b. Habib (m. 238/852). La doctrina legal temprana sobre la usura</a></em>, estudio y traducción, Serie Fuentes Arábico-Hispanas 37, Madrid: Editorial CSIC, 2017; así como editora principal y coautora de Alessandro Gori, Adday Hernández &amp; Irmeli Perho (eds), <em><a href="https://brill.com/display/title/62238" target="_blank" rel="noreferrer noopener">The Writings of the Peoples of Northeastern Africa II</a></em>. Series Arabic Literature of Africa. Leiden: Brill, 2022.</p>



<p class="wp-block-paragraph">Entre sus publicaciones relacionadas con al-Andalus destacan <a rel="noreferrer noopener" href="https://www.tandfonline.com/doi/abs/10.1080/09503110.2021.2024784" target="_blank">“The Absence of the Jewish Usurer Trope in Andalusī Written Sources”</a>. Al-Masāq, 34/3 (2022), 196-216; <a rel="noreferrer noopener" href="http://intushistoria.uai.cl/index.php/intushistoria/article/view/455" target="_blank">«Los cambistas en la Córdoba califal: La doctrina de ‘Abd al-Malik B. Habīb sobre la usura y su aplicación en el zoco por Ibn ‘Abd al-Ra’ūf.»</a> <em>Intus-legere: historia</em> 15/2 (2021): 120-138; <a rel="noreferrer noopener" href="https://brill.com/display/book/edcoll/9789004467637/BP000017.xml" target="_blank">“Mobility among the Andalusī quḍāt: Social advancement and spatial displacement in a professional context”</a>, en Mohamad El Merheb and Mehdi Berriah (eds),<em> Professional Mobility in Pre-Modern Islamic Societies: From Delhi to Granada, Handbook of Oriental Studies</em>, Leiden: Brill, 2021; <a rel="noreferrer noopener" href="https://www.euppublishing.com/doi/abs/10.3366/jqs.2017.0303" target="_blank">“Qur&#8217;anic studies in al-Andalus: An overview on the state of research on qira&#8217;at and tafsir”</a>, <em>Journal of Qur&#8217;anic Studies</em>. 19/ 3 (2017), pp. 74-102; y <a href="https://www.brepolsonline.net/doi/10.1484/M.RELMIN-EB.1.101820" target="_blank" rel="noreferrer noopener">“La compraventa de vino entre musulmanes y cristianos dimmíes a través de textos jurídicos malikíes del Occidente islámico medieval”</a>, en <em>The Legal Status of Dhimmis in the Islamic West</em> (Second/Eigth-Ninth/ Fifteenth centuries). 1, pp. 243-274. Turnhout (Belgium): Brepols, 2013.</p>



<h4 class="wp-block-heading">Enlaces:</h4>



<ul class="wp-block-list">
<li><a href="https://produccioncientifica.ucm.es/investigadores/157825/detalle" target="_blank" rel="noreferrer noopener">Universidad Complutense de Madrid</a></li>



<li><a href="https://ucm.academia.edu/AddayHern%C3%A1ndezL%C3%B3pez" target="_blank" rel="noreferrer noopener">Academia.edu</a></li>
</ul>



<hr class="wp-block-separator has-text-color has-yellow-color has-alpha-channel-opacity has-yellow-background-color has-background"/>



<h4 class="wp-block-heading">Artículos:</h4>



<ul class="wp-block-list">
<li><a href="https://www.alandalusylahistoria.com/?p=4089">«El agua en los mercados andalusíes</a>«</li>



<li>«<a href="https://www.alandalusylahistoria.com/?p=2331">La usura en al-Andalus»</a></li>



<li><a href="https://www.alandalusylahistoria.com/?p=4974">«¿Viva el vino? Comercio y consumo de vino en al-Andalus (primera parte)»</a></li>



<li><a href="https://www.alandalusylahistoria.com/?p=5018">«¿Viva el vino? Comercio y consumo de vino en al-Andalus (segunda parte)»</a></li>
</ul>

<p>Profesora Ayudante doctora en el área de Estudios Árabes e Islámicos del departamento de Lingüística, Estudios Árabes, Hebreos, Vascos y de Asia Oriental de la Universidad Complutense de Madrid (UCM). Miembro del grupo de investigación UCM “Cristianos y musulmanes en el medievo hispánico (MUHISCRIS)”. Es licenciada en Filología Árabe por la Universidad Complutense de Madrid&#8230; </p>
<div class="link-more"><a href="https://www.alandalusylahistoria.com/?page_id=4202">Leer Más</a></div>
