{"id":248,"date":"2018-07-06T16:32:55","date_gmt":"2018-07-06T16:32:55","guid":{"rendered":"http:\/\/www.alandalusylahistoria.com\/?page_id=248"},"modified":"2023-11-16T10:54:29","modified_gmt":"2023-11-16T09:54:29","slug":"eduardo-manzano-moreno","status":"publish","type":"page","link":"https:\/\/www.alandalusylahistoria.com\/?page_id=248","title":{"rendered":"Eduardo Manzano Moreno"},"content":{"rendered":"\n<p class=\"wp-block-paragraph\">Profesor Investigador del <a href=\"http:\/\/ih.csic.es\/\" target=\"_blank\" rel=\"noopener noreferrer\">Instituto de Historia<\/a> del CSIC. Es autor de <em><a href=\"https:\/\/www.planetadelibros.com\/libro-la-corte-del-califa\/273095\" target=\"_blank\" rel=\"noopener noreferrer\">La corte del califa<\/a><\/em> (Cr\u00edtica, 2019), <a href=\"https:\/\/books.google.es\/books?id=F6VOJUcW-XgC&amp;printsec=frontcover&amp;hl=es#v=onepage&amp;q&amp;f=false\" target=\"_blank\" rel=\"noopener noreferrer\"><em>Conquistadores, emires y califas: los Omeyas y la formaci\u00f3n de al-Andalus<\/em> <\/a>(Cr\u00edtica, 2006), de <em><a href=\"https:\/\/books.google.es\/books?id=x8_VBgAAQBAJ&amp;printsec=frontcover&amp;hl=es#v=onepage&amp;q&amp;f=false\" target=\"_blank\" rel=\"noopener noreferrer\">\u00c9pocas medievales<\/a>, <\/em>volumen 2 de la <em>Historia de Espa\u00f1a<\/em> dirigida por Josep Fontana y Ram\u00f3n Villares (Cr\u00edtica, 2010), y de art\u00edculos publicados en revistas internacionales como <em>History and Memory, Medieval Worlds <\/em>o<em> Arabica.<\/em><\/p>\n\n\n\n<hr class=\"wp-block-separator has-text-color has-yellow-color has-alpha-channel-opacity has-yellow-background-color has-background\"\/>\n\n\n\n<h4 class=\"wp-block-heading\">Enlaces y redes:<\/h4>\n\n\n\n<ul class=\"wp-block-list\">\n<li><a rel=\"noopener noreferrer\" href=\"http:\/\/cchs.csic.es\/es\/personal\/eduardo.manzano\" target=\"_blank\">http:\/\/cchs.csic.es\/es\/personal\/eduardo.manzano<\/a><\/li>\n\n\n\n<li><a rel=\"noopener noreferrer\" href=\"http:\/\/csic.academia.edu\/EduardoManzano\" target=\"_blank\">Academia.edu<\/a><\/li>\n<\/ul>\n\n\n\n<hr class=\"wp-block-separator has-text-color has-yellow-color has-alpha-channel-opacity has-yellow-background-color has-background\"\/>\n\n\n\n<h4 class=\"wp-block-heading\">Art\u00edculos:<\/h4>\n\n\n\n<ul class=\"wp-block-list\" style=\"font-size:15px\">\n<li><a href=\"https:\/\/www.alandalusylahistoria.com\/?p=309\">Las fuentes \u00e1rabes (o c\u00f3mo sabemos lo que sabemos sobre al-Andalus)<\/a><\/li>\n\n\n\n<li><a href=\"https:\/\/www.alandalusylahistoria.com\/?p=2677\">Juergas andalus\u00edes<\/a><\/li>\n\n\n\n<li><a href=\"https:\/\/www.alandalusylahistoria.com\/?p=4401\">La Corte del Califa<\/a><\/li>\n<\/ul>\n","protected":false},"excerpt":{"rendered":"<p>Profesor Investigador del Instituto de Historia del CSIC. Es autor de La corte del califa (Cr\u00edtica, 2019), Conquistadores, emires y califas: los Omeyas y la formaci\u00f3n de al-Andalus (Cr\u00edtica, 2006), de \u00c9pocas medievales, volumen 2 de la Historia de Espa\u00f1a dirigida por Josep Fontana y Ram\u00f3n Villares (Cr\u00edtica, 2010), y de art\u00edculos publicados en revistas&#8230; <\/p>\n<div class=\"link-more\"><a href=\"https:\/\/www.alandalusylahistoria.com\/?page_id=248\">Leer M\u00e1s<\/a><\/div>\n","protected":false},"author":1,"featured_media":301,"parent":155,"menu_order":0,"comment_status":"closed","ping_status":"closed","template":"","meta":{"_crdt_document":"","jetpack_post_was_ever_published":false,"footnotes":""},"coauthors":[261],"class_list":["post-248","page","type-page","status-publish","has-post-thumbnail","hentry"],"jetpack-related-posts":[],"_links":{"self":[{"href":"https:\/\/www.alandalusylahistoria.com\/index.php?rest_route=\/wp\/v2\/pages\/248","targetHints":{"allow":["GET"]}}],"collection":[{"href":"https:\/\/www.alandalusylahistoria.com\/index.php?rest_route=\/wp\/v2\/pages"}],"about":[{"href":"https:\/\/www.alandalusylahistoria.com\/index.php?rest_route=\/wp\/v2\/types\/page"}],"author":[{"embeddable":true,"href":"https:\/\/www.alandalusylahistoria.com\/index.php?rest_route=\/wp\/v2\/users\/1"}],"replies":[{"embeddable":true,"href":"https:\/\/www.alandalusylahistoria.com\/index.php?rest_route=%2Fwp%2Fv2%2Fcomments&post=248"}],"version-history":[{"count":11,"href":"https:\/\/www.alandalusylahistoria.com\/index.php?rest_route=\/wp\/v2\/pages\/248\/revisions"}],"predecessor-version":[{"id":4478,"href":"https:\/\/www.alandalusylahistoria.com\/index.php?rest_route=\/wp\/v2\/pages\/248\/revisions\/4478"}],"up":[{"embeddable":true,"href":"https:\/\/www.alandalusylahistoria.com\/index.php?rest_route=\/wp\/v2\/pages\/155"}],"wp:featuredmedia":[{"embeddable":true,"href":"https:\/\/www.alandalusylahistoria.com\/index.php?rest_route=\/wp\/v2\/media\/301"}],"wp:attachment":[{"href":"https:\/\/www.alandalusylahistoria.com\/index.php?rest_route=%2Fwp%2Fv2%2Fmedia&parent=248"}],"wp:term":[{"taxonomy":"author","embeddable":true,"href":"https:\/\/www.alandalusylahistoria.com\/index.php?rest_route=%2Fwp%2Fv2%2Fcoauthors&post=248"}],"curies":[{"name":"wp","href":"https:\/\/api.w.org\/{rel}","templated":true}]}}

<p class="wp-block-paragraph">Profesor Investigador del <a href="http://ih.csic.es/" target="_blank" rel="noopener noreferrer">Instituto de Historia</a> del CSIC. Es autor de <em><a href="https://www.planetadelibros.com/libro-la-corte-del-califa/273095" target="_blank" rel="noopener noreferrer">La corte del califa</a></em> (Crítica, 2019), <a href="https://books.google.es/books?id=F6VOJUcW-XgC&amp;printsec=frontcover&amp;hl=es#v=onepage&amp;q&amp;f=false" target="_blank" rel="noopener noreferrer"><em>Conquistadores, emires y califas: los Omeyas y la formación de al-Andalus</em> </a>(Crítica, 2006), de <em><a href="https://books.google.es/books?id=x8_VBgAAQBAJ&amp;printsec=frontcover&amp;hl=es#v=onepage&amp;q&amp;f=false" target="_blank" rel="noopener noreferrer">Épocas medievales</a>, </em>volumen 2 de la <em>Historia de España</em> dirigida por Josep Fontana y Ramón Villares (Crítica, 2010), y de artículos publicados en revistas internacionales como <em>History and Memory, Medieval Worlds </em>o<em> Arabica.</em></p>



<hr class="wp-block-separator has-text-color has-yellow-color has-alpha-channel-opacity has-yellow-background-color has-background"/>



<h4 class="wp-block-heading">Enlaces y redes:</h4>



<ul class="wp-block-list">
<li><a rel="noopener noreferrer" href="http://cchs.csic.es/es/personal/eduardo.manzano" target="_blank">http://cchs.csic.es/es/personal/eduardo.manzano</a></li>



<li><a rel="noopener noreferrer" href="http://csic.academia.edu/EduardoManzano" target="_blank">Academia.edu</a></li>
</ul>



<hr class="wp-block-separator has-text-color has-yellow-color has-alpha-channel-opacity has-yellow-background-color has-background"/>



<h4 class="wp-block-heading">Artículos:</h4>



<ul class="wp-block-list" style="font-size:15px">
<li><a href="https://www.alandalusylahistoria.com/?p=309">Las fuentes árabes (o cómo sabemos lo que sabemos sobre al-Andalus)</a></li>



<li><a href="https://www.alandalusylahistoria.com/?p=2677">Juergas andalusíes</a></li>



<li><a href="https://www.alandalusylahistoria.com/?p=4401">La Corte del Califa</a></li>
</ul>

<p>Profesor Investigador del Instituto de Historia del CSIC. Es autor de La corte del califa (Crítica, 2019), Conquistadores, emires y califas: los Omeyas y la formación de al-Andalus (Crítica, 2006), de Épocas medievales, volumen 2 de la Historia de España dirigida por Josep Fontana y Ramón Villares (Crítica, 2010), y de artículos publicados en revistas&#8230; </p>
<div class="link-more"><a href="https://www.alandalusylahistoria.com/?page_id=248">Leer Más</a></div>
