{"id":240,"date":"2018-07-06T16:07:31","date_gmt":"2018-07-06T16:07:31","guid":{"rendered":"http:\/\/www.alandalusylahistoria.com\/?page_id=240"},"modified":"2024-06-21T10:37:20","modified_gmt":"2024-06-21T08:37:20","slug":"alejandro-garcia-sanjuan","status":"publish","type":"page","link":"https:\/\/www.alandalusylahistoria.com\/?page_id=240","title":{"rendered":"Alejandro Garc\u00eda Sanju\u00e1n"},"content":{"rendered":"\n<p class=\"wp-block-paragraph\">Catedr\u00e1tico de Historia Medieval en la Universidad de Huelva, especializado en historia de al-Andalus. Entre sus principales publicaciones, cabe mencionar <em><a rel=\"noreferrer noopener\" href=\"https:\/\/brill.com\/view\/title\/8538\" target=\"_blank\">Till God inherits the Earth. Islamic Pious Endowments in al-Andalus (10-15th centuries)<\/a><\/em> (Brill, 2007), <em><a rel=\"noreferrer noopener\" href=\"https:\/\/www.marcialpons.es\/libros\/la-conquista-islamica-de-la-peninsula-iberica-y-la-tergiversacion-del-pasado\/9788417945008\/\" target=\"_blank\">La conquista isl\u00e1mica de la pen\u00ednsula ib\u00e9rica y la tergiversaci\u00f3n del pasado<\/a><\/em> (Marcial Pons, 2019, 2\u00aa ed.), <em>Coexistencia y conflictos. Minor\u00edas religiosas en la pen\u00ednsula ib\u00e9rica durante la Edad Media<\/em> (Universidad de Granada, 2015);&nbsp; <em>Estudios cr\u00edticos de historia de al-Andalus<\/em> (Peripeciaslibros, 2018); <em><a rel=\"noreferrer noopener\" href=\"https:\/\/www.marcialpons.es\/libros\/yihad\/9788417945107\/\" target=\"_blank\">Yihad: la regulaci\u00f3n de la guerra en la doctrina isl\u00e1mica<\/a><\/em> (Marcial Pons Historia, 2020) y <em><a href=\"https:\/\/www.sintesis.com\/temas%20de%20historia%20medieval-298\/las%20sociedades%20isl%C3%A1micas%20cl%C3%A1sicas%20%28siglos%20vii-xv%29-ebook-2970.html\" target=\"_blank\" rel=\"noreferrer noopener\">Las sociedades isl\u00e1micas cl\u00e1sicas (siglos VII-XV). Estructuras, procesos y mentalidades<\/a><\/em> (S\u00edntesis, 2021). Asimismo, ha editado (junto a M. Fierro) <em><a rel=\"noreferrer noopener\" href=\"https:\/\/www.marcialpons.es\/libros\/hispania-al-andalus-y-espana\/9788417945183\/\" target=\"_blank\">Hispania, al\u2011\u00c1ndalus y Espa\u00f1a: identidad y nacionalismo en la historia peninsular<\/a><\/em> (Marcial Pons, 2020) y (junto a H. Fancy) <em><a rel=\"noreferrer noopener\" href=\"https:\/\/www.routledge.com\/What-Was-the-Islamic-Conquest-of-Iberia-Understanding-the-New-Debate\/Fancy-Garcia-Sanjuan\/p\/book\/9780367762131\" target=\"_blank\">What was the Islamic Conquest of Iberia? Understanding the New Debate<\/a><\/em> (Routledge, 2021)<\/p>\n\n\n\n<hr class=\"wp-block-separator has-text-color has-yellow-color has-alpha-channel-opacity has-yellow-background-color has-background\"\/>\n\n\n\n<h4 class=\"wp-block-heading\" id=\"enlaces-y-redes\">Enlaces y redes:<\/h4>\n\n\n\n<ul class=\"wp-block-list\">\n<li><a rel=\"noopener noreferrer\" href=\"https:\/\/uhu.academia.edu\/AlejandroGarc%C3%ADaSanju%C3%A1n\" target=\"_blank\">Academia.edu<\/a><\/li>\n\n\n\n<li><a rel=\"noreferrer noopener\" href=\"https:\/\/twitter.com\/agarciasanjuan\" target=\"_blank\">Twitter<\/a><\/li>\n<\/ul>\n\n\n\n<hr class=\"wp-block-separator has-text-color has-yellow-color has-alpha-channel-opacity has-yellow-background-color has-background\"\/>\n\n\n\n<h4 class=\"wp-block-heading\">Art\u00edculos:<\/h4>\n\n\n\n<ul style=\"font-size:15px\" class=\"wp-block-list\">\n<li><a href=\"https:\/\/www.alandalusylahistoria.com\/?p=317\">Al-Andalus: territorio e identidad<\/a><\/li>\n\n\n\n<li><a href=\"https:\/\/www.alandalusylahistoria.com\/?p=508\">La Reconquista, un concepto tendencioso y simplificador<\/a><\/li>\n\n\n\n<li><a href=\"https:\/\/www.alandalusylahistoria.com\/?p=580\">\u00bfDon\u00f3 Fernando III la Mezquita de C\u00f3rdoba a la Iglesia en 1236?<\/a><\/li>\n\n\n\n<li><a href=\"https:\/\/www.alandalusylahistoria.com\/?p=1913\">Jalaf el esterero, el califa impostor<\/a><\/li>\n\n\n\n<li><a href=\"https:\/\/www.alandalusylahistoria.com\/?p=2059\">El pasado medieval y sus s\u00edmbolos actuales<\/a><\/li>\n\n\n\n<li><a href=\"https:\/\/www.alandalusylahistoria.com\/?p=3189\">La narrativa espa\u00f1olista: nacionalismo y colonialismo en el pasado medieval peninsular<\/a><\/li>\n\n\n\n<li><a href=\"https:\/\/www.alandalusylahistoria.com\/?p=4296\">Los legados p\u00edos en al-Andalus<\/a><\/li>\n\n\n\n<li><a href=\"https:\/\/www.alandalusylahistoria.com\/?p=4628\">\u00abReconquista\u00bb, a tendentious and simplistic concept<\/a><\/li>\n<\/ul>\n","protected":false},"excerpt":{"rendered":"<p>Catedr\u00e1tico de Historia Medieval en la Universidad de Huelva, especializado en historia de al-Andalus. Entre sus principales publicaciones, cabe mencionar Till God inherits the Earth. Islamic Pious Endowments in al-Andalus (10-15th centuries) (Brill, 2007), La conquista isl\u00e1mica de la pen\u00ednsula ib\u00e9rica y la tergiversaci\u00f3n del pasado (Marcial Pons, 2019, 2\u00aa ed.), Coexistencia y conflictos. Minor\u00edas&#8230; <\/p>\n<div class=\"link-more\"><a href=\"https:\/\/www.alandalusylahistoria.com\/?page_id=240\">Leer M\u00e1s<\/a><\/div>\n","protected":false},"author":1,"featured_media":2991,"parent":155,"menu_order":0,"comment_status":"closed","ping_status":"closed","template":"","meta":{"_crdt_document":"","jetpack_post_was_ever_published":false,"footnotes":""},"coauthors":[261],"class_list":["post-240","page","type-page","status-publish","has-post-thumbnail","hentry"],"_links":{"self":[{"href":"https:\/\/www.alandalusylahistoria.com\/index.php?rest_route=\/wp\/v2\/pages\/240","targetHints":{"allow":["GET"]}}],"collection":[{"href":"https:\/\/www.alandalusylahistoria.com\/index.php?rest_route=\/wp\/v2\/pages"}],"about":[{"href":"https:\/\/www.alandalusylahistoria.com\/index.php?rest_route=\/wp\/v2\/types\/page"}],"author":[{"embeddable":true,"href":"https:\/\/www.alandalusylahistoria.com\/index.php?rest_route=\/wp\/v2\/users\/1"}],"replies":[{"embeddable":true,"href":"https:\/\/www.alandalusylahistoria.com\/index.php?rest_route=%2Fwp%2Fv2%2Fcomments&post=240"}],"version-history":[{"count":17,"href":"https:\/\/www.alandalusylahistoria.com\/index.php?rest_route=\/wp\/v2\/pages\/240\/revisions"}],"predecessor-version":[{"id":4878,"href":"https:\/\/www.alandalusylahistoria.com\/index.php?rest_route=\/wp\/v2\/pages\/240\/revisions\/4878"}],"up":[{"embeddable":true,"href":"https:\/\/www.alandalusylahistoria.com\/index.php?rest_route=\/wp\/v2\/pages\/155"}],"wp:featuredmedia":[{"embeddable":true,"href":"https:\/\/www.alandalusylahistoria.com\/index.php?rest_route=\/wp\/v2\/media\/2991"}],"wp:attachment":[{"href":"https:\/\/www.alandalusylahistoria.com\/index.php?rest_route=%2Fwp%2Fv2%2Fmedia&parent=240"}],"wp:term":[{"taxonomy":"author","embeddable":true,"href":"https:\/\/www.alandalusylahistoria.com\/index.php?rest_route=%2Fwp%2Fv2%2Fcoauthors&post=240"}],"curies":[{"name":"wp","href":"https:\/\/api.w.org\/{rel}","templated":true}]}}

Alejandro García Sanjuán

<p class="wp-block-paragraph">Catedrático de Historia Medieval en la Universidad de Huelva, especializado en historia de al-Andalus. Entre sus principales publicaciones, cabe mencionar <em><a rel="noreferrer noopener" href="https://brill.com/view/title/8538" target="_blank">Till God inherits the Earth. Islamic Pious Endowments in al-Andalus (10-15th centuries)</a></em> (Brill, 2007), <em><a rel="noreferrer noopener" href="https://www.marcialpons.es/libros/la-conquista-islamica-de-la-peninsula-iberica-y-la-tergiversacion-del-pasado/9788417945008/" target="_blank">La conquista islámica de la península ibérica y la tergiversación del pasado</a></em> (Marcial Pons, 2019, 2ª ed.), <em>Coexistencia y conflictos. Minorías religiosas en la península ibérica durante la Edad Media</em> (Universidad de Granada, 2015);&nbsp; <em>Estudios críticos de historia de al-Andalus</em> (Peripeciaslibros, 2018); <em><a rel="noreferrer noopener" href="https://www.marcialpons.es/libros/yihad/9788417945107/" target="_blank">Yihad: la regulación de la guerra en la doctrina islámica</a></em> (Marcial Pons Historia, 2020) y <em><a href="https://www.sintesis.com/temas%20de%20historia%20medieval-298/las%20sociedades%20isl%C3%A1micas%20cl%C3%A1sicas%20%28siglos%20vii-xv%29-ebook-2970.html" target="_blank" rel="noreferrer noopener">Las sociedades islámicas clásicas (siglos VII-XV). Estructuras, procesos y mentalidades</a></em> (Síntesis, 2021). Asimismo, ha editado (junto a M. Fierro) <em><a rel="noreferrer noopener" href="https://www.marcialpons.es/libros/hispania-al-andalus-y-espana/9788417945183/" target="_blank">Hispania, al‑Ándalus y España: identidad y nacionalismo en la historia peninsular</a></em> (Marcial Pons, 2020) y (junto a H. Fancy) <em><a rel="noreferrer noopener" href="https://www.routledge.com/What-Was-the-Islamic-Conquest-of-Iberia-Understanding-the-New-Debate/Fancy-Garcia-Sanjuan/p/book/9780367762131" target="_blank">What was the Islamic Conquest of Iberia? Understanding the New Debate</a></em> (Routledge, 2021)</p>



<hr class="wp-block-separator has-text-color has-yellow-color has-alpha-channel-opacity has-yellow-background-color has-background"/>



<h4 class="wp-block-heading" id="enlaces-y-redes">Enlaces y redes:</h4>



<ul class="wp-block-list">
<li><a rel="noopener noreferrer" href="https://uhu.academia.edu/AlejandroGarc%C3%ADaSanju%C3%A1n" target="_blank">Academia.edu</a></li>



<li><a rel="noreferrer noopener" href="https://twitter.com/agarciasanjuan" target="_blank">Twitter</a></li>
</ul>



<hr class="wp-block-separator has-text-color has-yellow-color has-alpha-channel-opacity has-yellow-background-color has-background"/>



<h4 class="wp-block-heading">Artículos:</h4>



<ul style="font-size:15px" class="wp-block-list">
<li><a href="https://www.alandalusylahistoria.com/?p=317">Al-Andalus: territorio e identidad</a></li>



<li><a href="https://www.alandalusylahistoria.com/?p=508">La Reconquista, un concepto tendencioso y simplificador</a></li>



<li><a href="https://www.alandalusylahistoria.com/?p=580">¿Donó Fernando III la Mezquita de Córdoba a la Iglesia en 1236?</a></li>



<li><a href="https://www.alandalusylahistoria.com/?p=1913">Jalaf el esterero, el califa impostor</a></li>



<li><a href="https://www.alandalusylahistoria.com/?p=2059">El pasado medieval y sus símbolos actuales</a></li>



<li><a href="https://www.alandalusylahistoria.com/?p=3189">La narrativa españolista: nacionalismo y colonialismo en el pasado medieval peninsular</a></li>



<li><a href="https://www.alandalusylahistoria.com/?p=4296">Los legados píos en al-Andalus</a></li>



<li><a href="https://www.alandalusylahistoria.com/?p=4628">«Reconquista», a tendentious and simplistic concept</a></li>
</ul>

<p>Catedrático de Historia Medieval en la Universidad de Huelva, especializado en historia de al-Andalus. Entre sus principales publicaciones, cabe mencionar Till God inherits the Earth. Islamic Pious Endowments in al-Andalus (10-15th centuries) (Brill, 2007), La conquista islámica de la península ibérica y la tergiversación del pasado (Marcial Pons, 2019, 2ª ed.), Coexistencia y conflictos. Minorías&#8230; </p>
<div class="link-more"><a href="https://www.alandalusylahistoria.com/?page_id=240">Leer Más</a></div>
