{"id":226,"date":"2018-07-06T15:41:43","date_gmt":"2018-07-06T15:41:43","guid":{"rendered":"http:\/\/www.alandalusylahistoria.com\/?page_id=226"},"modified":"2025-07-18T10:17:31","modified_gmt":"2025-07-18T08:17:31","slug":"fernando-bravo-lopez","status":"publish","type":"page","link":"https:\/\/www.alandalusylahistoria.com\/?page_id=226","title":{"rendered":"Fernando Bravo L\u00f3pez"},"content":{"rendered":"\n<p class=\"wp-block-paragraph\">Profesor Permanente Laboral del <a href=\"https:\/\/www.uam.es\/FyL\/Historia-Moderna\/1242658464630.htm\" target=\"_blank\" rel=\"noreferrer noopener\">Departamento de Historia Moderna<\/a> de la Universidad Aut\u00f3noma de Madrid.<\/p>\n\n\n\n<p class=\"wp-block-paragraph\">Es licenciado en Historia por la Universidad de Murcia y doctor en Estudios \u00c1rabes e Isl\u00e1micos por la Universidad Aut\u00f3noma de Madrid. Ha sido investigador predoctoral de la Universidad de Castilla-La Mancha y postdoctoral de la Universidad Pompeu Fabra, as\u00ed como investigador Ram\u00f3n y Cajal del Departamento de Historia Moderna de la Universidad Aut\u00f3noma. Es autor de la edici\u00f3n y estudio de la <em><a href=\"http:\/\/hdl.handle.net\/10396\/27197\" target=\"_blank\" rel=\"noreferrer noopener\">Estoria de los \u00e1rabes: traducci\u00f3n castellana del siglo XIV de la Historia Arabum<\/a><\/em> del arzobispo don Rodrigo Jim\u00e9nez de Rada (UCOPress-IAS, Princeton: C\u00f3rdoba, 2019); as\u00ed como del libro <em><a href=\"http:\/\/www.intolerancia.es\/publicaciones\/en-casa-ajena-bases-intelectuales-del-antisemitismo-y-la-islamofobia\/\" target=\"_blank\" rel=\"noreferrer noopener\">En casa ajena: bases intelectuales del antisemitismo y la islamofobia<\/a><\/em> (Bellaterra, 2012), y de art\u00edculos publicados en revistas como <em><a aria-label=\"Ethnic and Racial Studies (abre en una nueva pesta\u00f1a)\" href=\"https:\/\/doi.org\/10.1080\/01419870.2010.528440\" target=\"_blank\" rel=\"noreferrer noopener\">Ethnic and Racial Studies<\/a><\/em>, <em><a aria-label=\"Patterns of Prejudice, (abre en una nueva pesta\u00f1a)\" href=\"https:\/\/doi.org\/10.1080\/0031322X.2011.585017\" target=\"_blank\" rel=\"noreferrer noopener\">Patterns of Prejudice<\/a><\/em><a aria-label=\"Patterns of Prejudice, (abre en una nueva pesta\u00f1a)\" href=\"https:\/\/doi.org\/10.1080\/0031322X.2011.585017\" target=\"_blank\" rel=\"noreferrer noopener\">,<\/a> <em><a aria-label=\"Islam and Christian-Muslim Relations (abre en una nueva pesta\u00f1a)\" href=\"https:\/\/doi.org\/10.1080\/09596410.2013.824171\" target=\"_blank\" rel=\"noreferrer noopener\">Islam and Christian-Muslim Relations<\/a><\/em>, <em><a aria-label=\"Sefarad  (abre en una nueva pesta\u00f1a)\" href=\"https:\/\/doi.org\/10.3989\/sefarad.016.012\" target=\"_blank\" rel=\"noreferrer noopener\">Sefarad <\/a><\/em>o <em><a aria-label=\"Historia Social (abre en una nueva pesta\u00f1a)\" href=\"https:\/\/www.jstor.org\/stable\/23496314\" target=\"_blank\" rel=\"noreferrer noopener\">Historia Social<\/a><\/em>. Igualmente, ha sido investigador principal del proyecto <a href=\"http:\/\/www.intolerancia.es\/proyectos\/islamofobia-continuidad-y-cambio-en-la-tradicion-antimusulmana\/\" target=\"_blank\" rel=\"noreferrer noopener\">\u00abIslamofobia. Continuidad y cambio en la tradici\u00f3n antimusulmana: el caso de Espa\u00f1a\u00bb<\/a>. Su \u00faltima obra es un estudio acerca de la aprobaci\u00f3n del estatuto de limpieza de sangre de la catedral de Toledo (1547), acompa\u00f1ado de una edici\u00f3n de los documentos m\u00e1s importantes que se manejaron entonces por detractores y partidarios del estatuto: <em><a href=\"https:\/\/editorial.ugr.es\/libro\/el-estatuto-de-limpieza-de-sangre-de-la-catedral-de-toledo_139535\/\" target=\"_blank\" rel=\"noreferrer noopener\">El Estatuto de limpieza de sangre de la Catedral de Toledo: El conflicto en sus textos, 1547-1556<\/a><\/em>. Granada: Universidad de Granada, 2024.<br><\/p>\n\n\n\n<hr class=\"wp-block-separator has-text-color has-yellow-color has-css-opacity has-yellow-background-color has-background is-style-default\"\/>\n\n\n\n<h4 class=\"wp-block-heading\" id=\"enlaces-y-redes\">Enlaces y redes:<\/h4>\n\n\n\n<ul class=\"wp-block-list\">\n<li><a href=\"http:\/\/www.intolerancia.es\/\"><strong>Intolerancia: estudios sobre antisemitismo e islamofobia<\/strong><\/a><\/li>\n\n\n\n<li><strong><a aria-label=\"Academia.edu (abre en una nueva pesta\u00f1a)\" rel=\"noreferrer noopener\" href=\"http:\/\/uam.academia.edu\/FernandoBravoL%C3%B3pez\" target=\"_blank\">Academia.edu<\/a><\/strong><\/li>\n\n\n\n<li><strong><a aria-label=\"Taller de Estudios Internacionales Mediterr\u00e1neos (Universidad Aut\u00f3noma de Madrid) (abre en una nueva pesta\u00f1a)\" href=\"http:\/\/www.tallerteim.com\/content\/fernando-bravo-l%C3%B3pez\" target=\"_blank\" rel=\"noreferrer noopener\">Taller de Estudios Internacionales Mediterr\u00e1neos (Universidad Aut\u00f3noma de Madrid)<\/a><\/strong><\/li>\n\n\n\n<li><a href=\"https:\/\/portalcientifico.uam.es\/es\/ipublic\/researcher\/278873\" target=\"_blank\" rel=\"noreferrer noopener\"><strong>Portal cient\u00edfico UAM<\/strong><\/a><\/li>\n<\/ul>\n\n\n\n<hr class=\"wp-block-separator has-text-color has-yellow-color has-css-opacity has-yellow-background-color has-background is-style-default\"\/>\n\n\n\n<h4 class=\"wp-block-heading\">Art\u00edculos:<\/h4>\n\n\n\n<ul style=\"font-size:15px\" class=\"wp-block-list\">\n<li><a href=\"https:\/\/www.alandalusylahistoria.com\/?p=129\">Todo es mentira<\/a><\/li>\n\n\n\n<li><a href=\"https:\/\/www.alandalusylahistoria.com\/?p=784\">Mal de Historia<\/a><\/li>\n\n\n\n<li><a href=\"https:\/\/www.alandalusylahistoria.com\/?p=1006\">Espa\u00f1oles con car\u00e1cter<\/a><\/li>\n\n\n\n<li><a href=\"https:\/\/www.alandalusylahistoria.com\/?p=1226\">Los nuevos sarracenos<\/a><\/li>\n\n\n\n<li><a href=\"https:\/\/www.alandalusylahistoria.com\/?p=1573\">El sentido de la Historia<\/a><\/li>\n\n\n\n<li><a href=\"https:\/\/www.alandalusylahistoria.com\/?p=2482\">La furia del rey Alfonso<\/a><\/li>\n\n\n\n<li><a href=\"https:\/\/www.alandalusylahistoria.com\/?p=3163\">Una Espa\u00f1a de sangre mora: las derechas y la herencia arabobereber<\/a><\/li>\n\n\n\n<li><a href=\"https:\/\/www.alandalusylahistoria.com\/?p=4350\">La racializaci\u00f3n de los jud\u00edos en la Espa\u00f1a medieval<\/a><\/li>\n\n\n\n<li><a href=\"https:\/\/www.alandalusylahistoria.com\/?p=5264\">A Spain of Moorish blood: the Right and the Arab-Berber heritage<\/a><\/li>\n\n\n\n<li><a href=\"https:\/\/www.alandalusylahistoria.com\/?p=5420\" target=\"_blank\" rel=\"noreferrer noopener\">La \u201cReconquista\u201d y la inmigraci\u00f3n musulmana<\/a><\/li>\n<\/ul>\n\n\n\n<hr class=\"wp-block-separator has-css-opacity is-style-wide\"\/>\n","protected":false},"excerpt":{"rendered":"<p>Profesor Permanente Laboral del Departamento de Historia Moderna de la Universidad Aut\u00f3noma de Madrid. Es licenciado en Historia por la Universidad de Murcia y doctor en Estudios \u00c1rabes e Isl\u00e1micos por la Universidad Aut\u00f3noma de Madrid. Ha sido investigador predoctoral de la Universidad de Castilla-La Mancha y postdoctoral de la Universidad Pompeu Fabra, as\u00ed como&#8230; <\/p>\n<div class=\"link-more\"><a href=\"https:\/\/www.alandalusylahistoria.com\/?page_id=226\">Leer M\u00e1s<\/a><\/div>\n","protected":false},"author":1,"featured_media":1842,"parent":155,"menu_order":0,"comment_status":"closed","ping_status":"closed","template":"","meta":{"_crdt_document":"","jetpack_post_was_ever_published":false,"footnotes":""},"coauthors":[261],"class_list":["post-226","page","type-page","status-publish","has-post-thumbnail","hentry"],"_links":{"self":[{"href":"https:\/\/www.alandalusylahistoria.com\/index.php?rest_route=\/wp\/v2\/pages\/226","targetHints":{"allow":["GET"]}}],"collection":[{"href":"https:\/\/www.alandalusylahistoria.com\/index.php?rest_route=\/wp\/v2\/pages"}],"about":[{"href":"https:\/\/www.alandalusylahistoria.com\/index.php?rest_route=\/wp\/v2\/types\/page"}],"author":[{"embeddable":true,"href":"https:\/\/www.alandalusylahistoria.com\/index.php?rest_route=\/wp\/v2\/users\/1"}],"replies":[{"embeddable":true,"href":"https:\/\/www.alandalusylahistoria.com\/index.php?rest_route=%2Fwp%2Fv2%2Fcomments&post=226"}],"version-history":[{"count":21,"href":"https:\/\/www.alandalusylahistoria.com\/index.php?rest_route=\/wp\/v2\/pages\/226\/revisions"}],"predecessor-version":[{"id":5439,"href":"https:\/\/www.alandalusylahistoria.com\/index.php?rest_route=\/wp\/v2\/pages\/226\/revisions\/5439"}],"up":[{"embeddable":true,"href":"https:\/\/www.alandalusylahistoria.com\/index.php?rest_route=\/wp\/v2\/pages\/155"}],"wp:featuredmedia":[{"embeddable":true,"href":"https:\/\/www.alandalusylahistoria.com\/index.php?rest_route=\/wp\/v2\/media\/1842"}],"wp:attachment":[{"href":"https:\/\/www.alandalusylahistoria.com\/index.php?rest_route=%2Fwp%2Fv2%2Fmedia&parent=226"}],"wp:term":[{"taxonomy":"author","embeddable":true,"href":"https:\/\/www.alandalusylahistoria.com\/index.php?rest_route=%2Fwp%2Fv2%2Fcoauthors&post=226"}],"curies":[{"name":"wp","href":"https:\/\/api.w.org\/{rel}","templated":true}]}}

Fernando Bravo López

<p class="wp-block-paragraph">Profesor Permanente Laboral del <a href="https://www.uam.es/FyL/Historia-Moderna/1242658464630.htm" target="_blank" rel="noreferrer noopener">Departamento de Historia Moderna</a> de la Universidad Autónoma de Madrid.</p>



<p class="wp-block-paragraph">Es licenciado en Historia por la Universidad de Murcia y doctor en Estudios Árabes e Islámicos por la Universidad Autónoma de Madrid. Ha sido investigador predoctoral de la Universidad de Castilla-La Mancha y postdoctoral de la Universidad Pompeu Fabra, así como investigador Ramón y Cajal del Departamento de Historia Moderna de la Universidad Autónoma. Es autor de la edición y estudio de la <em><a href="http://hdl.handle.net/10396/27197" target="_blank" rel="noreferrer noopener">Estoria de los árabes: traducción castellana del siglo XIV de la Historia Arabum</a></em> del arzobispo don Rodrigo Jiménez de Rada (UCOPress-IAS, Princeton: Córdoba, 2019); así como del libro <em><a href="http://www.intolerancia.es/publicaciones/en-casa-ajena-bases-intelectuales-del-antisemitismo-y-la-islamofobia/" target="_blank" rel="noreferrer noopener">En casa ajena: bases intelectuales del antisemitismo y la islamofobia</a></em> (Bellaterra, 2012), y de artículos publicados en revistas como <em><a aria-label="Ethnic and Racial Studies (abre en una nueva pestaña)" href="https://doi.org/10.1080/01419870.2010.528440" target="_blank" rel="noreferrer noopener">Ethnic and Racial Studies</a></em>, <em><a aria-label="Patterns of Prejudice, (abre en una nueva pestaña)" href="https://doi.org/10.1080/0031322X.2011.585017" target="_blank" rel="noreferrer noopener">Patterns of Prejudice</a></em><a aria-label="Patterns of Prejudice, (abre en una nueva pestaña)" href="https://doi.org/10.1080/0031322X.2011.585017" target="_blank" rel="noreferrer noopener">,</a> <em><a aria-label="Islam and Christian-Muslim Relations (abre en una nueva pestaña)" href="https://doi.org/10.1080/09596410.2013.824171" target="_blank" rel="noreferrer noopener">Islam and Christian-Muslim Relations</a></em>, <em><a aria-label="Sefarad  (abre en una nueva pestaña)" href="https://doi.org/10.3989/sefarad.016.012" target="_blank" rel="noreferrer noopener">Sefarad </a></em>o <em><a aria-label="Historia Social (abre en una nueva pestaña)" href="https://www.jstor.org/stable/23496314" target="_blank" rel="noreferrer noopener">Historia Social</a></em>. Igualmente, ha sido investigador principal del proyecto <a href="http://www.intolerancia.es/proyectos/islamofobia-continuidad-y-cambio-en-la-tradicion-antimusulmana/" target="_blank" rel="noreferrer noopener">«Islamofobia. Continuidad y cambio en la tradición antimusulmana: el caso de España»</a>. Su última obra es un estudio acerca de la aprobación del estatuto de limpieza de sangre de la catedral de Toledo (1547), acompañado de una edición de los documentos más importantes que se manejaron entonces por detractores y partidarios del estatuto: <em><a href="https://editorial.ugr.es/libro/el-estatuto-de-limpieza-de-sangre-de-la-catedral-de-toledo_139535/" target="_blank" rel="noreferrer noopener">El Estatuto de limpieza de sangre de la Catedral de Toledo: El conflicto en sus textos, 1547-1556</a></em>. Granada: Universidad de Granada, 2024.<br></p>



<hr class="wp-block-separator has-text-color has-yellow-color has-css-opacity has-yellow-background-color has-background is-style-default"/>



<h4 class="wp-block-heading" id="enlaces-y-redes">Enlaces y redes:</h4>



<ul class="wp-block-list">
<li><a href="http://www.intolerancia.es/"><strong>Intolerancia: estudios sobre antisemitismo e islamofobia</strong></a></li>



<li><strong><a aria-label="Academia.edu (abre en una nueva pestaña)" rel="noreferrer noopener" href="http://uam.academia.edu/FernandoBravoL%C3%B3pez" target="_blank">Academia.edu</a></strong></li>



<li><strong><a aria-label="Taller de Estudios Internacionales Mediterráneos (Universidad Autónoma de Madrid) (abre en una nueva pestaña)" href="http://www.tallerteim.com/content/fernando-bravo-l%C3%B3pez" target="_blank" rel="noreferrer noopener">Taller de Estudios Internacionales Mediterráneos (Universidad Autónoma de Madrid)</a></strong></li>



<li><a href="https://portalcientifico.uam.es/es/ipublic/researcher/278873" target="_blank" rel="noreferrer noopener"><strong>Portal científico UAM</strong></a></li>
</ul>



<hr class="wp-block-separator has-text-color has-yellow-color has-css-opacity has-yellow-background-color has-background is-style-default"/>



<h4 class="wp-block-heading">Artículos:</h4>



<ul style="font-size:15px" class="wp-block-list">
<li><a href="https://www.alandalusylahistoria.com/?p=129">Todo es mentira</a></li>



<li><a href="https://www.alandalusylahistoria.com/?p=784">Mal de Historia</a></li>



<li><a href="https://www.alandalusylahistoria.com/?p=1006">Españoles con carácter</a></li>



<li><a href="https://www.alandalusylahistoria.com/?p=1226">Los nuevos sarracenos</a></li>



<li><a href="https://www.alandalusylahistoria.com/?p=1573">El sentido de la Historia</a></li>



<li><a href="https://www.alandalusylahistoria.com/?p=2482">La furia del rey Alfonso</a></li>



<li><a href="https://www.alandalusylahistoria.com/?p=3163">Una España de sangre mora: las derechas y la herencia arabobereber</a></li>



<li><a href="https://www.alandalusylahistoria.com/?p=4350">La racialización de los judíos en la España medieval</a></li>



<li><a href="https://www.alandalusylahistoria.com/?p=5264">A Spain of Moorish blood: the Right and the Arab-Berber heritage</a></li>



<li><a href="https://www.alandalusylahistoria.com/?p=5420" target="_blank" rel="noreferrer noopener">La “Reconquista” y la inmigración musulmana</a></li>
</ul>



<hr class="wp-block-separator has-css-opacity is-style-wide"/>

<p>Profesor Permanente Laboral del Departamento de Historia Moderna de la Universidad Autónoma de Madrid. Es licenciado en Historia por la Universidad de Murcia y doctor en Estudios Árabes e Islámicos por la Universidad Autónoma de Madrid. Ha sido investigador predoctoral de la Universidad de Castilla-La Mancha y postdoctoral de la Universidad Pompeu Fabra, así como&#8230; </p>
<div class="link-more"><a href="https://www.alandalusylahistoria.com/?page_id=226">Leer Más</a></div>
