{"id":2045,"date":"2020-06-05T17:15:30","date_gmt":"2020-06-05T17:15:30","guid":{"rendered":"https:\/\/www.alandalusylahistoria.com\/?page_id=2045"},"modified":"2022-11-24T11:27:07","modified_gmt":"2022-11-24T10:27:07","slug":"webs-y-proyectos","status":"publish","type":"page","link":"https:\/\/www.alandalusylahistoria.com\/?page_id=2045","title":{"rendered":"Webs y Proyectos"},"content":{"rendered":"\n<ul class=\"wp-block-list\">\n<li><strong><a rel=\"noreferrer noopener\" href=\"https:\/\/www.arabnews.com\/andalus\" target=\"_blank\">Al-Andalus revisited<\/a><\/strong>, by Jonathan Gornall and Mouna El-Haimoud\/Arab News<\/li>\n<\/ul>\n\n\n\n<hr class=\"wp-block-separator has-text-color has-yellow-color has-css-opacity has-yellow-background-color has-background\"\/>\n\n\n\n<ul class=\"wp-block-list\">\n<li><a href=\"https:\/\/dlmenetwork.org\/library\/\" target=\"_blank\" rel=\"noreferrer noopener\"><strong>Digital Library of the Middle East<\/strong><\/a><\/li>\n<\/ul>\n\n\n\n<hr class=\"wp-block-separator has-text-color has-yellow-color has-css-opacity has-yellow-background-color has-background\"\/>\n\n\n\n<ul class=\"wp-block-list\">\n<li><strong><a href=\"https:\/\/www.toletum-network.com\/es\/\" target=\"_blank\" rel=\"noreferrer noopener\">\u00abToletum. Red para la investigaci\u00f3n sobre la Pen\u00ednsula Ib\u00e9rica en la Antig\u00fcedad.\u00bb<\/a><\/strong><\/li>\n<\/ul>\n\n\n\n<hr class=\"wp-block-separator has-text-color has-yellow-color has-css-opacity has-yellow-background-color has-background\"\/>\n\n\n\n<ul class=\"wp-block-list\">\n<li><strong><a rel=\"noreferrer noopener\" href=\"https:\/\/www.petrifyingwealth.eu\/\" target=\"_blank\">\u00abPetrifying Wealth. The Southern European Shift to Masonry as Collective Investment in Identity, c.1050-1300\u00bb<\/a><\/strong>. IPs.: Ana Rodr\u00edguez L\u00f3pez y Sandro Carocci.<\/li>\n<\/ul>\n\n\n\n<hr class=\"wp-block-separator has-text-color has-yellow-color has-css-opacity has-yellow-background-color has-background\"\/>\n\n\n\n<ul class=\"wp-block-list\">\n<li><strong><a rel=\"noreferrer noopener\" href=\"http:\/\/proyectos.cchs.csic.es\/corpi\/es\/home\" target=\"_blank\">\u00abCORPI: Conversion, Overlapping Religiosities, Polemics and Interaction\u00bb<\/a><\/strong>. IP.: Mercedes Garc\u00eda-Arenal.<\/li>\n<\/ul>\n\n\n\n<hr class=\"wp-block-separator has-text-color has-yellow-color has-css-opacity has-yellow-background-color has-background\"\/>\n\n\n\n<ul class=\"wp-block-list\">\n<li><a rel=\"noreferrer noopener\" href=\"https:\/\/www.eea.csic.es\/pua\/\" target=\"_blank\"><strong>\u00abProsopograf\u00eda de los Ulemas de al-Andalus\u00bb<\/strong><\/a>. Coord.: Mar\u00eda Luisa \u00c1vila.<\/li>\n<\/ul>\n\n\n\n<hr class=\"wp-block-separator has-text-color has-yellow-color has-css-opacity has-yellow-background-color has-background\"\/>\n\n\n\n<ul class=\"wp-block-list\">\n<li><strong><a rel=\"noreferrer noopener\" href=\"http:\/\/kohepocu.cchs.csic.es\/\" target=\"_blank\">\u00abKnowledge, Heresy, and Political Culture in the Islamic West\u00bb<\/a><\/strong>. IP: Maribel Fierro.<\/li>\n<\/ul>\n\n\n\n<hr class=\"wp-block-separator has-text-color has-yellow-color has-css-opacity has-yellow-background-color has-background\"\/>\n\n\n\n<ul class=\"wp-block-list\">\n<li><strong><a rel=\"noreferrer noopener\" href=\"http:\/\/fabricadesites.fcsh.unl.pt\/artmedgis\/\" target=\"_blank\">\u00abArtMedGis<\/a><a href=\"http:\/\/fabricadesites.fcsh.unl.pt\/artmedgis\/\" target=\"_blank\" rel=\"noreferrer noopener\">:<\/a><a rel=\"noreferrer noopener\" href=\"http:\/\/fabricadesites.fcsh.unl.pt\/artmedgis\/\" target=\"_blank\"> Analysis of the Artistic Exchanges in the Medieval Mediterranean between 12th and 15th Centuries through the Geographical Information Systems (GIS)\u00bb<\/a><\/strong>. IP: Mar\u00eda Marcos Cobaleda.<\/li>\n<\/ul>\n\n\n\n<hr class=\"wp-block-separator has-text-color has-yellow-color has-css-opacity has-yellow-background-color has-background\"\/>\n\n\n\n<ul class=\"wp-block-list\">\n<li><strong><a rel=\"noreferrer noopener\" href=\"http:\/\/nazamer.ugr.es\/\" target=\"_blank\">\u201cLa mujer nazar\u00ed y merin\u00ed en las sociedades Isl\u00e1micas del Mediterr\u00e1neo Medieval (Siglos XIII-XV): poder, identidad y din\u00e1micas sociales (NAZAMER)\u201d<\/a>. <\/strong>IP: B\u00e1rbara Boloix (UGr).<\/li>\n<\/ul>\n\n\n\n<hr class=\"wp-block-separator has-text-color has-yellow-color has-css-opacity has-yellow-background-color has-background\"\/>\n\n\n\n<ul class=\"wp-block-list\">\n<li><strong><a rel=\"noreferrer noopener\" href=\"https:\/\/grupsderecerca.uab.cat\/islamolatina\/content\/proyectos\" target=\"_blank\">\u201cWriting Religious, Transcultural and Gendered Identities and Alterities in the Medieval and Early Modern Iberian Peninsula and the Mediterranean\u201d<\/a> .<\/strong>IP: Linda G. Jones (UPF).<\/li>\n<\/ul>\n\n\n\n<hr class=\"wp-block-separator has-text-color has-yellow-color has-css-opacity has-yellow-background-color has-background\"\/>\n\n\n\n<ul class=\"wp-block-list\">\n<li><strong><a rel=\"noreferrer noopener\" href=\"https:\/\/www.itn-mida.org\" target=\"_blank\">\u201cMediating Islam in the Digital Age (MIDA)\u201d<\/a> .<\/strong>IPs: Maribel Fierro (ILC-CSIC)\/ Mayte Penelas (EEA-CSIC)\/ Araceli Gonz\u00e1lez V\u00e1zquez (IMF-CSIC).<\/li>\n<\/ul>\n\n\n\n<hr class=\"wp-block-separator has-text-color has-yellow-color has-css-opacity has-yellow-background-color has-background\"\/>\n\n\n\n<ul class=\"wp-block-list\">\n<li><strong><a rel=\"noreferrer noopener\" href=\"https:\/\/www.uco.es\/mabipagal\/index.php\" target=\"_blank\">\u201cManuscritos b\u00edblicos y patr\u00edsticos griegos-\u00e1rabes y latinos\u201d<\/a><\/strong>.<strong> <\/strong>IP: Juan Pedro Monferrer (UCo): (BFF2002-02930 y HUM2007-64961).<\/li>\n<\/ul>\n\n\n\n<hr class=\"wp-block-separator has-text-color has-yellow-color has-css-opacity has-yellow-background-color has-background\"\/>\n\n\n\n<ul class=\"wp-block-list\">\n<li><strong><a rel=\"noreferrer noopener\" href=\"https:\/\/iemyrhd.usal.es\/?proyecto=geografia-cultural-del-magreb-islamico-medieval-y-moderno-en-la-red-geomagred\" target=\"_blank\">\u201cGeograf\u00eda Cultural del M\u00e1greb y Din\u00e1micas Humanas en el Norte de \u00c1frica (MAGNA)\u201d<\/a> . <\/strong>IPs: Miguel \u00c1ngel Manzano (USAL) y Helena de Felipe (UAH).<\/li>\n<\/ul>\n\n\n\n<hr class=\"wp-block-separator has-text-color has-yellow-color has-css-opacity has-yellow-background-color has-background\"\/>\n\n\n\n<ul class=\"wp-block-list\">\n<li><strong><a rel=\"noreferrer noopener\" href=\"https:\/\/euqu.eu\/\" target=\"_blank\">\u201cEl Cor\u00e1n europeo\u201d (The European Qur\u2019an, EuQu)<\/a>.<\/strong> IP: Mercedes Garc\u00eda-Arenal (ILC-CSIC).<\/li>\n<\/ul>\n\n\n\n<hr class=\"wp-block-separator has-text-color has-yellow-color has-css-opacity has-yellow-background-color has-background\"\/>\n\n\n\n<ul class=\"wp-block-list\">\n<li><strong><a rel=\"noreferrer noopener\" href=\"https:\/\/www.uam.es\/ss\/Satellite?c=FYL_Proyecto_FA&amp;cid=1446745716764&amp;language=es&amp;pagename=FacdFilosofia%2FFYL_Proyecto_FA%2FFAC_detalle&amp;pid=1446745727380&amp;title=CONFRONTATIO.+Violencia+religiosa+en+la+Edad+Media+peninsular%3A+guerra%2C+discurso+apolog%3Ftico+y+relato+historiogr%3Ffico+%28ss.+X-XV%29\" target=\"_blank\">\u201cViolencia religiosa en la Edad Media peninsular: guerra, discurso apolog\u00e9tico y relato historiogr\u00e1fico (ss. X-XV) (CONFRONTATIO)\u201d<\/a><\/strong>.<strong> <\/strong>IPs: Carlos Ayala (UAM)\/ Santiago Palacios (UAM).<\/li>\n<\/ul>\n\n\n\n<hr class=\"wp-block-separator has-text-color has-yellow-color has-css-opacity has-yellow-background-color has-background\"\/>\n\n\n\n<ul class=\"wp-block-list\">\n<li><strong><a rel=\"noreferrer noopener\" href=\"https:\/\/impi.hypotheses.org\/\" target=\"_blank\">\u201cAntes del orientalismo: Las \u00abim\u00e1genes\u00bb del musulm\u00e1n en la Pen\u00ednsula Ib\u00e9rica (siglos XV-XVII) y sus conexiones mediterr\u00e1neas (IMPI)\u201d<\/a><\/strong>.<strong> <\/strong>IP: Borja Franco (UNED).<\/li>\n<\/ul>\n\n\n\n<hr class=\"wp-block-separator has-text-color has-yellow-color has-css-opacity has-yellow-background-color has-background\"\/>\n\n\n\n<ul class=\"wp-block-list\">\n<li><strong><a href=\"http:\/\/www.intolerancia.es\/proyectos\/islamofobia-continuidad-y-cambio-en-la-tradicion-antimusulmana\/\" target=\"_blank\" rel=\"noreferrer noopener\">\u201cIslamofobia. Continuidad y cambio en la tradici\u00f3n antimusulmana: el caso de Espa\u00f1a\u201d<\/a><\/strong>.<strong> <\/strong>IP: Fernando Bravo (UAM).<\/li>\n<\/ul>\n\n\n\n<hr class=\"wp-block-separator has-text-color has-yellow-color has-css-opacity has-yellow-background-color has-background\"\/>\n\n\n\n<ul class=\"wp-block-list\">\n<li><strong><a rel=\"noreferrer noopener\" href=\"https:\/\/www.fundea.org\/es\/retopea\" target=\"_blank\">\u201cRETOPEA: un proyecto para promover la tolerancia religiosa y la paz a trav\u00e9s de la historia\u201d<\/a><\/strong>.<strong> <\/strong>IP: Elena Arigita (UGr).<\/li>\n<\/ul>\n\n\n\n<hr class=\"wp-block-separator has-text-color has-yellow-color has-css-opacity has-yellow-background-color has-background\"\/>\n\n\n\n<ul class=\"wp-block-list\">\n<li><strong><a rel=\"noreferrer noopener\" href=\"http:\/\/cchs.csic.es\/es\/webpage\/contextos-locales-dinamicas-globales-andalus-magreb-oriente-islamico-amoi\" target=\"_blank\">\u201cContextos locales y din\u00e1micas globales: al-Andalus y el Magreb en el Oriente isl\u00e1mico (AMOI)\u201d<\/a>. <\/strong>IPs: Maribel Fierro (ILC-CSIC)\/Mayte Penelas (EEA-CSIC).<\/li>\n<\/ul>\n\n\n\n<hr class=\"wp-block-separator has-text-color has-yellow-color has-css-opacity has-yellow-background-color has-background\"\/>\n\n\n\n<ul class=\"wp-block-list\">\n<li><a rel=\"noreferrer noopener\" href=\"https:\/\/www.eea.csic.es\/eea-proyectos-de-investigacion\/la-granada-nazari-en-el-siglo-xv-microhistoria-de-una-entidad-islamica-en-occidente\/\" target=\"_blank\">\u201c<strong>La Granada nazar\u00ed en el siglo XV: microhistoria de una entidad isl\u00e1mica en Occidente\u201d<\/strong><\/a>. IPs: Ana Mar\u00eda Carballeira (EEA-CSIC)\/Amalia Zome\u00f1o (ILC-CSIC).<\/li>\n<\/ul>\n\n\n\n<hr class=\"wp-block-separator has-text-color has-yellow-color has-css-opacity has-yellow-background-color has-background\"\/>\n\n\n\n<ul class=\"wp-block-list\">\n<li><strong><a rel=\"noreferrer noopener\" href=\"https:\/\/www.eea.csic.es\/eea-proyectos-investigacion-terminados-recientemente\/redes-de-ulemas-andalusies-estructuras-de-transmision-del-saber-y-relaciones-interpersonales\/\" target=\"_blank\">\u201cRedes de ulemas andalus\u00edes: Estructuras de transmisi\u00f3n del saber y relaciones interpersonales (RTSA)\u201d<\/a><\/strong>.<strong> <\/strong>IP: Luis Molina (EEA-CSIC).<\/li>\n<\/ul>\n\n\n\n<hr class=\"wp-block-separator has-text-color has-yellow-color has-css-opacity has-yellow-background-color has-background\"\/>\n\n\n\n<ul class=\"wp-block-list\">\n<li><strong><a rel=\"noreferrer noopener\" href=\"http:\/\/ilc.csic.es\/en\/research-project\/reason-belief-theological-debates-medieval-early-modern-islamic-west\" target=\"_blank\">\u201cReason and Belief: Theological Discussions in the Medieval and Early Modern Islamic West (REBEL)\u201d<\/a><\/strong>.<strong> <\/strong>IP: Jan Thiele (ILC-CSIC).<\/li>\n<\/ul>\n\n\n\n<hr class=\"wp-block-separator has-text-color has-yellow-color has-css-opacity has-yellow-background-color has-background\"\/>\n\n\n\n<ul class=\"wp-block-list\">\n<li><a rel=\"noreferrer noopener\" href=\"http:\/\/mezquitas-cementerios-mudejares.uva.es\/\" target=\"_blank\"><strong>Proyecto Alm*Islam: islam medieval de Castilla<\/strong><\/a>. IPs: Olatz Villanueva Zubizarreta y M\u00aa Isabel del Val Valdivieso.<\/li>\n<\/ul>\n\n\n\n<hr class=\"wp-block-separator has-text-color has-yellow-color has-alpha-channel-opacity has-yellow-background-color has-background\"\/>\n\n\n\n<ul class=\"wp-block-list\">\n<li><strong><a href=\"http:\/\/www.intolerancia.es\/\" target=\"_blank\" rel=\"noreferrer noopener\">Intolerancia: estudios sobre antisemitismo e islamofobia<\/a><\/strong><\/li>\n<\/ul>\n\n\n\n<hr class=\"wp-block-separator has-text-color has-yellow-color has-alpha-channel-opacity has-yellow-background-color has-background\"\/>\n","protected":false},"excerpt":{"rendered":"","protected":false},"author":11,"featured_media":2054,"parent":0,"menu_order":0,"comment_status":"closed","ping_status":"closed","template":"","meta":{"_crdt_document":"","jetpack_post_was_ever_published":false,"footnotes":""},"coauthors":[262],"class_list":["post-2045","page","type-page","status-publish","has-post-thumbnail","hentry"],"jetpack-related-posts":[],"_links":{"self":[{"href":"https:\/\/www.alandalusylahistoria.com\/index.php?rest_route=\/wp\/v2\/pages\/2045","targetHints":{"allow":["GET"]}}],"collection":[{"href":"https:\/\/www.alandalusylahistoria.com\/index.php?rest_route=\/wp\/v2\/pages"}],"about":[{"href":"https:\/\/www.alandalusylahistoria.com\/index.php?rest_route=\/wp\/v2\/types\/page"}],"author":[{"embeddable":true,"href":"https:\/\/www.alandalusylahistoria.com\/index.php?rest_route=\/wp\/v2\/users\/11"}],"replies":[{"embeddable":true,"href":"https:\/\/www.alandalusylahistoria.com\/index.php?rest_route=%2Fwp%2Fv2%2Fcomments&post=2045"}],"version-history":[{"count":10,"href":"https:\/\/www.alandalusylahistoria.com\/index.php?rest_route=\/wp\/v2\/pages\/2045\/revisions"}],"predecessor-version":[{"id":3895,"href":"https:\/\/www.alandalusylahistoria.com\/index.php?rest_route=\/wp\/v2\/pages\/2045\/revisions\/3895"}],"wp:featuredmedia":[{"embeddable":true,"href":"https:\/\/www.alandalusylahistoria.com\/index.php?rest_route=\/wp\/v2\/media\/2054"}],"wp:attachment":[{"href":"https:\/\/www.alandalusylahistoria.com\/index.php?rest_route=%2Fwp%2Fv2%2Fmedia&parent=2045"}],"wp:term":[{"taxonomy":"author","embeddable":true,"href":"https:\/\/www.alandalusylahistoria.com\/index.php?rest_route=%2Fwp%2Fv2%2Fcoauthors&post=2045"}],"curies":[{"name":"wp","href":"https:\/\/api.w.org\/{rel}","templated":true}]}}

<ul class="wp-block-list">
<li><strong><a rel="noreferrer noopener" href="https://www.arabnews.com/andalus" target="_blank">Al-Andalus revisited</a></strong>, by Jonathan Gornall and Mouna El-Haimoud/Arab News</li>
</ul>



<hr class="wp-block-separator has-text-color has-yellow-color has-css-opacity has-yellow-background-color has-background"/>



<ul class="wp-block-list">
<li><a href="https://dlmenetwork.org/library/" target="_blank" rel="noreferrer noopener"><strong>Digital Library of the Middle East</strong></a></li>
</ul>



<hr class="wp-block-separator has-text-color has-yellow-color has-css-opacity has-yellow-background-color has-background"/>



<ul class="wp-block-list">
<li><strong><a href="https://www.toletum-network.com/es/" target="_blank" rel="noreferrer noopener">«Toletum. Red para la investigación sobre la Península Ibérica en la Antigüedad.»</a></strong></li>
</ul>



<hr class="wp-block-separator has-text-color has-yellow-color has-css-opacity has-yellow-background-color has-background"/>



<ul class="wp-block-list">
<li><strong><a rel="noreferrer noopener" href="https://www.petrifyingwealth.eu/" target="_blank">«Petrifying Wealth. The Southern European Shift to Masonry as Collective Investment in Identity, c.1050-1300»</a></strong>. IPs.: Ana Rodríguez López y Sandro Carocci.</li>
</ul>



<hr class="wp-block-separator has-text-color has-yellow-color has-css-opacity has-yellow-background-color has-background"/>



<ul class="wp-block-list">
<li><strong><a rel="noreferrer noopener" href="http://proyectos.cchs.csic.es/corpi/es/home" target="_blank">«CORPI: Conversion, Overlapping Religiosities, Polemics and Interaction»</a></strong>. IP.: Mercedes García-Arenal.</li>
</ul>



<hr class="wp-block-separator has-text-color has-yellow-color has-css-opacity has-yellow-background-color has-background"/>



<ul class="wp-block-list">
<li><a rel="noreferrer noopener" href="https://www.eea.csic.es/pua/" target="_blank"><strong>«Prosopografía de los Ulemas de al-Andalus»</strong></a>. Coord.: María Luisa Ávila.</li>
</ul>



<hr class="wp-block-separator has-text-color has-yellow-color has-css-opacity has-yellow-background-color has-background"/>



<ul class="wp-block-list">
<li><strong><a rel="noreferrer noopener" href="http://kohepocu.cchs.csic.es/" target="_blank">«Knowledge, Heresy, and Political Culture in the Islamic West»</a></strong>. IP: Maribel Fierro.</li>
</ul>



<hr class="wp-block-separator has-text-color has-yellow-color has-css-opacity has-yellow-background-color has-background"/>



<ul class="wp-block-list">
<li><strong><a rel="noreferrer noopener" href="http://fabricadesites.fcsh.unl.pt/artmedgis/" target="_blank">«ArtMedGis</a><a href="http://fabricadesites.fcsh.unl.pt/artmedgis/" target="_blank" rel="noreferrer noopener">:</a><a rel="noreferrer noopener" href="http://fabricadesites.fcsh.unl.pt/artmedgis/" target="_blank"> Analysis of the Artistic Exchanges in the Medieval Mediterranean between 12th and 15th Centuries through the Geographical Information Systems (GIS)»</a></strong>. IP: María Marcos Cobaleda.</li>
</ul>



<hr class="wp-block-separator has-text-color has-yellow-color has-css-opacity has-yellow-background-color has-background"/>



<ul class="wp-block-list">
<li><strong><a rel="noreferrer noopener" href="http://nazamer.ugr.es/" target="_blank">“La mujer nazarí y meriní en las sociedades Islámicas del Mediterráneo Medieval (Siglos XIII-XV): poder, identidad y dinámicas sociales (NAZAMER)”</a>. </strong>IP: Bárbara Boloix (UGr).</li>
</ul>



<hr class="wp-block-separator has-text-color has-yellow-color has-css-opacity has-yellow-background-color has-background"/>



<ul class="wp-block-list">
<li><strong><a rel="noreferrer noopener" href="https://grupsderecerca.uab.cat/islamolatina/content/proyectos" target="_blank">“Writing Religious, Transcultural and Gendered Identities and Alterities in the Medieval and Early Modern Iberian Peninsula and the Mediterranean”</a> .</strong>IP: Linda G. Jones (UPF).</li>
</ul>



<hr class="wp-block-separator has-text-color has-yellow-color has-css-opacity has-yellow-background-color has-background"/>



<ul class="wp-block-list">
<li><strong><a rel="noreferrer noopener" href="https://www.itn-mida.org" target="_blank">“Mediating Islam in the Digital Age (MIDA)”</a> .</strong>IPs: Maribel Fierro (ILC-CSIC)/ Mayte Penelas (EEA-CSIC)/ Araceli González Vázquez (IMF-CSIC).</li>
</ul>



<hr class="wp-block-separator has-text-color has-yellow-color has-css-opacity has-yellow-background-color has-background"/>



<ul class="wp-block-list">
<li><strong><a rel="noreferrer noopener" href="https://www.uco.es/mabipagal/index.php" target="_blank">“Manuscritos bíblicos y patrísticos griegos-árabes y latinos”</a></strong>.<strong> </strong>IP: Juan Pedro Monferrer (UCo): (BFF2002-02930 y HUM2007-64961).</li>
</ul>



<hr class="wp-block-separator has-text-color has-yellow-color has-css-opacity has-yellow-background-color has-background"/>



<ul class="wp-block-list">
<li><strong><a rel="noreferrer noopener" href="https://iemyrhd.usal.es/?proyecto=geografia-cultural-del-magreb-islamico-medieval-y-moderno-en-la-red-geomagred" target="_blank">“Geografía Cultural del Mágreb y Dinámicas Humanas en el Norte de África (MAGNA)”</a> . </strong>IPs: Miguel Ángel Manzano (USAL) y Helena de Felipe (UAH).</li>
</ul>



<hr class="wp-block-separator has-text-color has-yellow-color has-css-opacity has-yellow-background-color has-background"/>



<ul class="wp-block-list">
<li><strong><a rel="noreferrer noopener" href="https://euqu.eu/" target="_blank">“El Corán europeo” (The European Qur’an, EuQu)</a>.</strong> IP: Mercedes García-Arenal (ILC-CSIC).</li>
</ul>



<hr class="wp-block-separator has-text-color has-yellow-color has-css-opacity has-yellow-background-color has-background"/>



<ul class="wp-block-list">
<li><strong><a rel="noreferrer noopener" href="https://www.uam.es/ss/Satellite?c=FYL_Proyecto_FA&amp;cid=1446745716764&amp;language=es&amp;pagename=FacdFilosofia%2FFYL_Proyecto_FA%2FFAC_detalle&amp;pid=1446745727380&amp;title=CONFRONTATIO.+Violencia+religiosa+en+la+Edad+Media+peninsular%3A+guerra%2C+discurso+apolog%3Ftico+y+relato+historiogr%3Ffico+%28ss.+X-XV%29" target="_blank">“Violencia religiosa en la Edad Media peninsular: guerra, discurso apologético y relato historiográfico (ss. X-XV) (CONFRONTATIO)”</a></strong>.<strong> </strong>IPs: Carlos Ayala (UAM)/ Santiago Palacios (UAM).</li>
</ul>



<hr class="wp-block-separator has-text-color has-yellow-color has-css-opacity has-yellow-background-color has-background"/>



<ul class="wp-block-list">
<li><strong><a rel="noreferrer noopener" href="https://impi.hypotheses.org/" target="_blank">“Antes del orientalismo: Las «imágenes» del musulmán en la Península Ibérica (siglos XV-XVII) y sus conexiones mediterráneas (IMPI)”</a></strong>.<strong> </strong>IP: Borja Franco (UNED).</li>
</ul>



<hr class="wp-block-separator has-text-color has-yellow-color has-css-opacity has-yellow-background-color has-background"/>



<ul class="wp-block-list">
<li><strong><a href="http://www.intolerancia.es/proyectos/islamofobia-continuidad-y-cambio-en-la-tradicion-antimusulmana/" target="_blank" rel="noreferrer noopener">“Islamofobia. Continuidad y cambio en la tradición antimusulmana: el caso de España”</a></strong>.<strong> </strong>IP: Fernando Bravo (UAM).</li>
</ul>



<hr class="wp-block-separator has-text-color has-yellow-color has-css-opacity has-yellow-background-color has-background"/>



<ul class="wp-block-list">
<li><strong><a rel="noreferrer noopener" href="https://www.fundea.org/es/retopea" target="_blank">“RETOPEA: un proyecto para promover la tolerancia religiosa y la paz a través de la historia”</a></strong>.<strong> </strong>IP: Elena Arigita (UGr).</li>
</ul>



<hr class="wp-block-separator has-text-color has-yellow-color has-css-opacity has-yellow-background-color has-background"/>



<ul class="wp-block-list">
<li><strong><a rel="noreferrer noopener" href="http://cchs.csic.es/es/webpage/contextos-locales-dinamicas-globales-andalus-magreb-oriente-islamico-amoi" target="_blank">“Contextos locales y dinámicas globales: al-Andalus y el Magreb en el Oriente islámico (AMOI)”</a>. </strong>IPs: Maribel Fierro (ILC-CSIC)/Mayte Penelas (EEA-CSIC).</li>
</ul>



<hr class="wp-block-separator has-text-color has-yellow-color has-css-opacity has-yellow-background-color has-background"/>



<ul class="wp-block-list">
<li><a rel="noreferrer noopener" href="https://www.eea.csic.es/eea-proyectos-de-investigacion/la-granada-nazari-en-el-siglo-xv-microhistoria-de-una-entidad-islamica-en-occidente/" target="_blank">“<strong>La Granada nazarí en el siglo XV: microhistoria de una entidad islámica en Occidente”</strong></a>. IPs: Ana María Carballeira (EEA-CSIC)/Amalia Zomeño (ILC-CSIC).</li>
</ul>



<hr class="wp-block-separator has-text-color has-yellow-color has-css-opacity has-yellow-background-color has-background"/>



<ul class="wp-block-list">
<li><strong><a rel="noreferrer noopener" href="https://www.eea.csic.es/eea-proyectos-investigacion-terminados-recientemente/redes-de-ulemas-andalusies-estructuras-de-transmision-del-saber-y-relaciones-interpersonales/" target="_blank">“Redes de ulemas andalusíes: Estructuras de transmisión del saber y relaciones interpersonales (RTSA)”</a></strong>.<strong> </strong>IP: Luis Molina (EEA-CSIC).</li>
</ul>



<hr class="wp-block-separator has-text-color has-yellow-color has-css-opacity has-yellow-background-color has-background"/>



<ul class="wp-block-list">
<li><strong><a rel="noreferrer noopener" href="http://ilc.csic.es/en/research-project/reason-belief-theological-debates-medieval-early-modern-islamic-west" target="_blank">“Reason and Belief: Theological Discussions in the Medieval and Early Modern Islamic West (REBEL)”</a></strong>.<strong> </strong>IP: Jan Thiele (ILC-CSIC).</li>
</ul>



<hr class="wp-block-separator has-text-color has-yellow-color has-css-opacity has-yellow-background-color has-background"/>



<ul class="wp-block-list">
<li><a rel="noreferrer noopener" href="http://mezquitas-cementerios-mudejares.uva.es/" target="_blank"><strong>Proyecto Alm*Islam: islam medieval de Castilla</strong></a>. IPs: Olatz Villanueva Zubizarreta y Mª Isabel del Val Valdivieso.</li>
</ul>



<hr class="wp-block-separator has-text-color has-yellow-color has-alpha-channel-opacity has-yellow-background-color has-background"/>



<ul class="wp-block-list">
<li><strong><a href="http://www.intolerancia.es/" target="_blank" rel="noreferrer noopener">Intolerancia: estudios sobre antisemitismo e islamofobia</a></strong></li>
</ul>



<hr class="wp-block-separator has-text-color has-yellow-color has-alpha-channel-opacity has-yellow-background-color has-background"/>
