{"id":196,"date":"2018-07-06T14:49:13","date_gmt":"2018-07-06T14:49:13","guid":{"rendered":"http:\/\/www.alandalusylahistoria.com\/?page_id=196"},"modified":"2023-10-11T18:21:50","modified_gmt":"2023-10-11T16:21:50","slug":"maribel-fierro-bello","status":"publish","type":"page","link":"https:\/\/www.alandalusylahistoria.com\/?page_id=196","title":{"rendered":"Maribel Fierro"},"content":{"rendered":"\n<p class=\"wp-block-paragraph\">De formaci\u00f3n arabista, es Profesora de Investigaci\u00f3n en el <a href=\"http:\/\/ilc.csic.es\/\" target=\"_blank\" rel=\"noopener noreferrer\">Instituto de Lenguas y Culturas del Mediterr\u00e1neo<\/a> (ILC), Consejo Superior de Investigaciones Cient\u00edficas (CSIC) en Madrid. Es autora de obras como <em>La heterodoxia en al-Andalus durante el <\/em><em>periodo omeya<\/em>, Madrid, 1987; <em>Al-\u00c1ndalus: saberes e intercambios <\/em><em>culturales<\/em>, Barcelona, 2001 y <em>Abdarram\u00e1n III y el califato omeya de <\/em><em>C\u00f3rdoba<\/em>, San Sebasti\u00e1n, 2010; junto con Manuela Mar\u00edn, <em>Sabios y santos <\/em><em>musulmanes de Algeciras<\/em>, Algeciras, 2004.<\/p>\n\n\n\n<hr class=\"wp-block-separator has-text-color has-yellow-color has-alpha-channel-opacity has-yellow-background-color has-background\"\/>\n\n\n\n<h4 class=\"wp-block-heading\">Enlaces y redes:<\/h4>\n\n\n\n<ul class=\"wp-block-list\">\n<li><a rel=\"noopener noreferrer\" href=\"http:\/\/cchs.csic.es\/es\/personal\/maribel.fierro\" target=\"_blank\">Cchs.csic.es<\/a><\/li>\n\n\n\n<li><a rel=\"noopener noreferrer\" href=\"https:\/\/digital.csic.es\/cris\/rp\/rp04381\" target=\"_blank\">Digital.csic.es<\/a><\/li>\n<\/ul>\n\n\n\n<hr class=\"wp-block-separator has-text-color has-yellow-color has-alpha-channel-opacity has-yellow-background-color has-background\"\/>\n\n\n\n<h4 class=\"wp-block-heading\">Art\u00edculos:<\/h4>\n\n\n\n<ul class=\"wp-block-list\" style=\"font-size:15px\">\n<li><a href=\"https:\/\/www.alandalusylahistoria.com\/?p=274\">El caso del cristiano que quer\u00eda ser ejecutado<\/a><\/li>\n\n\n\n<li><a href=\"https:\/\/www.alandalusylahistoria.com\/?p=640\">El caso de la mujer libre que fue esclavizada<\/a><\/li>\n\n\n\n<li><a href=\"https:\/\/www.alandalusylahistoria.com\/?p=839\">El caso de la herencia de Ibn Antuny\u0101n<\/a><\/li>\n\n\n\n<li><a href=\"https:\/\/www.alandalusylahistoria.com\/?p=1027\">Las pioneras del arabismo espa\u00f1ol<\/a><\/li>\n\n\n\n<li><a href=\"https:\/\/www.alandalusylahistoria.com\/?p=1141\">Los clientes (maw\u0101l\u012b) en al-Andalus bajo los omeyas<\/a><\/li>\n\n\n\n<li><a href=\"https:\/\/www.alandalusylahistoria.com\/?p=1743\">Caminos de al-Andalus<\/a><\/li>\n\n\n\n<li><a href=\"https:\/\/www.alandalusylahistoria.com\/?p=1793\">Las calles de al-Andalus (primera parte)<\/a><\/li>\n\n\n\n<li><a href=\"https:\/\/www.alandalusylahistoria.com\/?p=1800\">Las calles de al-Andalus (segunda parte)<\/a><\/li>\n\n\n\n<li><a href=\"https:\/\/www.alandalusylahistoria.com\/?p=1867\">La sabia esclava de las Mil y una noches: Tawaddud y sus avatares<\/a><\/li>\n\n\n\n<li><a href=\"https:\/\/www.alandalusylahistoria.com\/?p=2163\">Convivencia: \u00bfun concepto \u00fatil?<\/a><\/li>\n\n\n\n<li><a href=\"https:\/\/www.alandalusylahistoria.com\/?p=2275\">La peste del siglo XIV en al-Andalus<\/a><\/li>\n\n\n\n<li><a href=\"https:\/\/www.alandalusylahistoria.com\/?p=2737\">Pierre Guichard (1939-2021), in memoriam<\/a><\/li>\n\n\n\n<li><a href=\"https:\/\/www.alandalusylahistoria.com\/?p=2878\">El matrimonio desavenido y la \u2018casa de la persona de confianza\u2019<\/a><\/li>\n\n\n\n<li><a href=\"https:\/\/www.alandalusylahistoria.com\/?p=3826\">Las traducciones que se hicieron en al-Andalus: a vueltas con el texto de Ibn \u0176ul\u0177ul<\/a><\/li>\n\n\n\n<li><a href=\"https:\/\/www.alandalusylahistoria.com\/?p=3902\">Los muwallad\u016bn en las fuentes sobre al-Andalus<\/a><\/li>\n\n\n\n<li><a href=\"https:\/\/www.alandalusylahistoria.com\/?p=4256\">Medina en al-Andalus y el Magreb (primera parte)<\/a><\/li>\n\n\n\n<li><a href=\"https:\/\/www.alandalusylahistoria.com\/?p=4278\">Medina en al-Andalus y el Magreb (segunda parte)<\/a><\/li>\n<\/ul>\n","protected":false},"excerpt":{"rendered":"<p>De formaci\u00f3n arabista, es Profesora de Investigaci\u00f3n en el Instituto de Lenguas y Culturas del Mediterr\u00e1neo (ILC), Consejo Superior de Investigaciones Cient\u00edficas (CSIC) en Madrid. Es autora de obras como La heterodoxia en al-Andalus durante el periodo omeya, Madrid, 1987; Al-\u00c1ndalus: saberes e intercambios culturales, Barcelona, 2001 y Abdarram\u00e1n III y el califato omeya de&#8230; <\/p>\n<div class=\"link-more\"><a href=\"https:\/\/www.alandalusylahistoria.com\/?page_id=196\">Leer M\u00e1s<\/a><\/div>\n","protected":false},"author":1,"featured_media":365,"parent":155,"menu_order":0,"comment_status":"closed","ping_status":"closed","template":"","meta":{"_crdt_document":"","jetpack_post_was_ever_published":false,"footnotes":""},"coauthors":[261],"class_list":["post-196","page","type-page","status-publish","has-post-thumbnail","hentry"],"_links":{"self":[{"href":"https:\/\/www.alandalusylahistoria.com\/index.php?rest_route=\/wp\/v2\/pages\/196","targetHints":{"allow":["GET"]}}],"collection":[{"href":"https:\/\/www.alandalusylahistoria.com\/index.php?rest_route=\/wp\/v2\/pages"}],"about":[{"href":"https:\/\/www.alandalusylahistoria.com\/index.php?rest_route=\/wp\/v2\/types\/page"}],"author":[{"embeddable":true,"href":"https:\/\/www.alandalusylahistoria.com\/index.php?rest_route=\/wp\/v2\/users\/1"}],"replies":[{"embeddable":true,"href":"https:\/\/www.alandalusylahistoria.com\/index.php?rest_route=%2Fwp%2Fv2%2Fcomments&post=196"}],"version-history":[{"count":15,"href":"https:\/\/www.alandalusylahistoria.com\/index.php?rest_route=\/wp\/v2\/pages\/196\/revisions"}],"predecessor-version":[{"id":4392,"href":"https:\/\/www.alandalusylahistoria.com\/index.php?rest_route=\/wp\/v2\/pages\/196\/revisions\/4392"}],"up":[{"embeddable":true,"href":"https:\/\/www.alandalusylahistoria.com\/index.php?rest_route=\/wp\/v2\/pages\/155"}],"wp:featuredmedia":[{"embeddable":true,"href":"https:\/\/www.alandalusylahistoria.com\/index.php?rest_route=\/wp\/v2\/media\/365"}],"wp:attachment":[{"href":"https:\/\/www.alandalusylahistoria.com\/index.php?rest_route=%2Fwp%2Fv2%2Fmedia&parent=196"}],"wp:term":[{"taxonomy":"author","embeddable":true,"href":"https:\/\/www.alandalusylahistoria.com\/index.php?rest_route=%2Fwp%2Fv2%2Fcoauthors&post=196"}],"curies":[{"name":"wp","href":"https:\/\/api.w.org\/{rel}","templated":true}]}}

<p class="wp-block-paragraph">De formación arabista, es Profesora de Investigación en el <a href="http://ilc.csic.es/" target="_blank" rel="noopener noreferrer">Instituto de Lenguas y Culturas del Mediterráneo</a> (ILC), Consejo Superior de Investigaciones Científicas (CSIC) en Madrid. Es autora de obras como <em>La heterodoxia en al-Andalus durante el </em><em>periodo omeya</em>, Madrid, 1987; <em>Al-Ándalus: saberes e intercambios </em><em>culturales</em>, Barcelona, 2001 y <em>Abdarramán III y el califato omeya de </em><em>Córdoba</em>, San Sebastián, 2010; junto con Manuela Marín, <em>Sabios y santos </em><em>musulmanes de Algeciras</em>, Algeciras, 2004.</p>



<hr class="wp-block-separator has-text-color has-yellow-color has-alpha-channel-opacity has-yellow-background-color has-background"/>



<h4 class="wp-block-heading">Enlaces y redes:</h4>



<ul class="wp-block-list">
<li><a rel="noopener noreferrer" href="http://cchs.csic.es/es/personal/maribel.fierro" target="_blank">Cchs.csic.es</a></li>



<li><a rel="noopener noreferrer" href="https://digital.csic.es/cris/rp/rp04381" target="_blank">Digital.csic.es</a></li>
</ul>



<hr class="wp-block-separator has-text-color has-yellow-color has-alpha-channel-opacity has-yellow-background-color has-background"/>



<h4 class="wp-block-heading">Artículos:</h4>



<ul class="wp-block-list" style="font-size:15px">
<li><a href="https://www.alandalusylahistoria.com/?p=274">El caso del cristiano que quería ser ejecutado</a></li>



<li><a href="https://www.alandalusylahistoria.com/?p=640">El caso de la mujer libre que fue esclavizada</a></li>



<li><a href="https://www.alandalusylahistoria.com/?p=839">El caso de la herencia de Ibn Antunyān</a></li>



<li><a href="https://www.alandalusylahistoria.com/?p=1027">Las pioneras del arabismo español</a></li>



<li><a href="https://www.alandalusylahistoria.com/?p=1141">Los clientes (mawālī) en al-Andalus bajo los omeyas</a></li>



<li><a href="https://www.alandalusylahistoria.com/?p=1743">Caminos de al-Andalus</a></li>



<li><a href="https://www.alandalusylahistoria.com/?p=1793">Las calles de al-Andalus (primera parte)</a></li>



<li><a href="https://www.alandalusylahistoria.com/?p=1800">Las calles de al-Andalus (segunda parte)</a></li>



<li><a href="https://www.alandalusylahistoria.com/?p=1867">La sabia esclava de las Mil y una noches: Tawaddud y sus avatares</a></li>



<li><a href="https://www.alandalusylahistoria.com/?p=2163">Convivencia: ¿un concepto útil?</a></li>



<li><a href="https://www.alandalusylahistoria.com/?p=2275">La peste del siglo XIV en al-Andalus</a></li>



<li><a href="https://www.alandalusylahistoria.com/?p=2737">Pierre Guichard (1939-2021), in memoriam</a></li>



<li><a href="https://www.alandalusylahistoria.com/?p=2878">El matrimonio desavenido y la ‘casa de la persona de confianza’</a></li>



<li><a href="https://www.alandalusylahistoria.com/?p=3826">Las traducciones que se hicieron en al-Andalus: a vueltas con el texto de Ibn Ŷulŷul</a></li>



<li><a href="https://www.alandalusylahistoria.com/?p=3902">Los muwalladūn en las fuentes sobre al-Andalus</a></li>



<li><a href="https://www.alandalusylahistoria.com/?p=4256">Medina en al-Andalus y el Magreb (primera parte)</a></li>



<li><a href="https://www.alandalusylahistoria.com/?p=4278">Medina en al-Andalus y el Magreb (segunda parte)</a></li>
</ul>

<p>De formación arabista, es Profesora de Investigación en el Instituto de Lenguas y Culturas del Mediterráneo (ILC), Consejo Superior de Investigaciones Científicas (CSIC) en Madrid. Es autora de obras como La heterodoxia en al-Andalus durante el periodo omeya, Madrid, 1987; Al-Ándalus: saberes e intercambios culturales, Barcelona, 2001 y Abdarramán III y el califato omeya de&#8230; </p>
<div class="link-more"><a href="https://www.alandalusylahistoria.com/?page_id=196">Leer Más</a></div>
